Last updated on 2025-10-23 21:51:22 CEST.
| Flavor | Version | Tinstall | Tcheck | Ttotal | Status | Flags |
|---|---|---|---|---|---|---|
| r-devel-linux-x86_64-debian-clang | 1.2.1 | 3.61 | 25.09 | 28.70 | OK | |
| r-devel-linux-x86_64-debian-gcc | 1.2.1 | 2.81 | 20.04 | 22.85 | OK | |
| r-devel-linux-x86_64-fedora-clang | 1.2.1 | 42.77 | OK | |||
| r-devel-linux-x86_64-fedora-gcc | 1.2.1 | 40.21 | OK | |||
| r-devel-windows-x86_64 | 1.2.1 | 7.00 | 43.00 | 50.00 | OK | |
| r-patched-linux-x86_64 | 1.2.1 | 3.50 | 23.63 | 27.13 | OK | |
| r-release-linux-x86_64 | 1.2.1 | 3.02 | 23.74 | 26.76 | OK | |
| r-release-macos-arm64 | 1.2.1 | 3.00 | 19.00 | 22.00 | OK | |
| r-release-macos-x86_64 | 1.2.1 | 5.00 | 25.00 | 30.00 | OK | |
| r-release-windows-x86_64 | 1.2.1 | 7.00 | 47.00 | 54.00 | OK | |
| r-oldrel-macos-arm64 | 1.2.1 | 3.00 | 21.00 | 24.00 | NOTE | |
| r-oldrel-macos-x86_64 | 1.2.1 | 5.00 | 27.00 | 32.00 | NOTE | |
| r-oldrel-windows-x86_64 | 1.2.1 | 8.00 | 49.00 | 57.00 | NOTE |
Version: 1.2.1
Check: package dependencies
Result: NOTE
Package suggested but not available for checking: ‘pbdMPI’
Flavors: r-oldrel-macos-arm64, r-oldrel-macos-x86_64
Version: 1.2.1
Check: LazyData
Result: NOTE
'LazyData' is specified without a 'data' directory
Flavors: r-oldrel-macos-arm64, r-oldrel-macos-x86_64, r-oldrel-windows-x86_64
These binaries (installable software) and packages are in development.
They may not be fully stable and should be used with caution. We make no claims about them.