Last updated on 2024-07-27 15:50:13 CEST.
Flavor | Version | Tinstall | Tcheck | Ttotal | Status | Flags |
---|---|---|---|---|---|---|
r-devel-linux-x86_64-debian-clang | 2023.8 | 7.68 | 55.93 | 63.61 | OK | |
r-devel-linux-x86_64-debian-gcc | 2023.8 | OK | ||||
r-devel-linux-x86_64-fedora-clang | 2023.8 | 80.36 | NOTE | |||
r-devel-linux-x86_64-fedora-gcc | 2023.8 | 78.16 | NOTE | |||
r-devel-windows-x86_64 | 2023.8 | 8.00 | 66.00 | 74.00 | OK | |
r-patched-linux-x86_64 | 2023.8 | OK | ||||
r-release-linux-x86_64 | 2023.8 | 5.36 | 52.89 | 58.25 | OK | |
r-release-macos-arm64 | 2023.8 | 27.00 | OK | |||
r-release-macos-x86_64 | 2023.8 | 36.00 | OK | |||
r-release-windows-x86_64 | 2023.8 | 8.00 | 60.00 | 68.00 | OK | |
r-oldrel-macos-arm64 | 2023.8 | 28.00 | OK | |||
r-oldrel-macos-x86_64 | 2023.8 | 49.00 | OK | |||
r-oldrel-windows-x86_64 | 2023.8 | 11.00 | 70.00 | 81.00 | OK |
Version: 2023.8
Check: data for non-ASCII characters
Result: NOTE
Note: found 8119 marked UTF-8 strings
Flavors: r-devel-linux-x86_64-fedora-clang, r-devel-linux-x86_64-fedora-gcc
These binaries (installable software) and packages are in development.
They may not be fully stable and should be used with caution. We make no claims about them.