CRAN Package Check Results for Package ChoR

Last updated on 2025-05-07 22:48:23 CEST.

Flavor Version Tinstall Tcheck Ttotal Status Flags
r-devel-linux-x86_64-debian-clang 0.0-4 3.24 34.21 37.45 NOTE
r-devel-linux-x86_64-debian-gcc 0.0-4 2.73 26.20 28.93 NOTE
r-devel-linux-x86_64-fedora-clang 0.0-4 63.76 OK
r-devel-linux-x86_64-fedora-gcc 0.0-4 56.34 OK
r-devel-windows-x86_64 0.0-4 5.00 52.00 57.00 OK
r-patched-linux-x86_64 0.0-4 3.53 32.70 36.23 OK
r-release-linux-x86_64 0.0-4 3.28 32.22 35.50 OK
r-release-macos-arm64 0.0-4 27.00 OK
r-release-macos-x86_64 0.0-4 41.00 OK
r-release-windows-x86_64 0.0-4 6.00 54.00 60.00 OK
r-oldrel-macos-arm64 0.0-4 22.00 NOTE
r-oldrel-macos-x86_64 0.0-4 31.00 NOTE
r-oldrel-windows-x86_64 0.0-4 5.00 58.00 63.00 NOTE

Check Details

Version: 0.0-4
Check: CRAN incoming feasibility
Result: NOTE Maintainer: ‘Matthieu Herrmann <matthieu.herrmann@monash.edu>’ Package CITATION file contains call(s) to old-style personList() or as.personList(). Please use c() on person objects instead. Package CITATION file contains call(s) to old-style citEntry(). Please use bibentry() instead. Flavors: r-devel-linux-x86_64-debian-clang, r-devel-linux-x86_64-debian-gcc

Version: 0.0-4
Check: LazyData
Result: NOTE 'LazyData' is specified without a 'data' directory Flavors: r-oldrel-macos-arm64, r-oldrel-macos-x86_64, r-oldrel-windows-x86_64

These binaries (installable software) and packages are in development.
They may not be fully stable and should be used with caution. We make no claims about them.