Last updated on 2025-02-16 10:50:43 CET.
Flavor | Version | Tinstall | Tcheck | Ttotal | Status | Flags |
---|---|---|---|---|---|---|
r-devel-linux-x86_64-debian-clang | 0.3.0 | 3.94 | 44.62 | 48.56 | OK | |
r-devel-linux-x86_64-debian-gcc | 0.3.0 | 2.71 | 30.60 | 33.31 | OK | |
r-devel-linux-x86_64-fedora-clang | 0.3.0 | 83.70 | OK | |||
r-devel-linux-x86_64-fedora-gcc | 0.3.0 | 76.79 | OK | |||
r-devel-macos-arm64 | 0.3.0 | 23.00 | OK | |||
r-devel-macos-x86_64 | 0.3.0 | 46.00 | OK | |||
r-devel-windows-x86_64 | 0.3.0 | 4.00 | 61.00 | 65.00 | OK | |
r-patched-linux-x86_64 | 0.3.0 | 3.67 | 42.42 | 46.09 | NOTE | |
r-release-linux-x86_64 | 0.3.0 | 3.78 | 42.62 | 46.40 | NOTE | |
r-release-macos-arm64 | 0.3.0 | 27.00 | NOTE | |||
r-release-macos-x86_64 | 0.3.0 | 36.00 | NOTE | |||
r-release-windows-x86_64 | 0.3.0 | 5.00 | 64.00 | 69.00 | NOTE | |
r-oldrel-macos-arm64 | 0.3.0 | 24.00 | NOTE | |||
r-oldrel-macos-x86_64 | 0.3.0 | 39.00 | NOTE | |||
r-oldrel-windows-x86_64 | 0.3.0 | 6.00 | 64.00 | 70.00 | NOTE |
Version: 0.3.0
Check: LazyData
Result: NOTE
'LazyData' is specified without a 'data' directory
Flavors: r-patched-linux-x86_64, r-release-linux-x86_64, r-release-macos-arm64, r-release-macos-x86_64, r-release-windows-x86_64, r-oldrel-macos-arm64, r-oldrel-macos-x86_64, r-oldrel-windows-x86_64
These binaries (installable software) and packages are in development.
They may not be fully stable and should be used with caution. We make no claims about them.