Last updated on 2025-05-01 17:55:59 CEST.
Flavor | Version | Tinstall | Tcheck | Ttotal | Status | Flags |
---|---|---|---|---|---|---|
r-devel-linux-x86_64-debian-clang | 3.2.3 | 1.86 | 21.61 | 23.47 | NOTE | |
r-devel-linux-x86_64-debian-gcc | 3.2.3 | 1.73 | 18.03 | 19.76 | NOTE | |
r-devel-linux-x86_64-fedora-clang | 3.2.3 | 36.80 | OK | |||
r-devel-linux-x86_64-fedora-gcc | 3.2.3 | 36.88 | OK | |||
r-devel-windows-x86_64 | 3.2.3 | 3.00 | 46.00 | 49.00 | OK | |
r-patched-linux-x86_64 | 3.2.3 | 1.85 | 21.02 | 22.87 | OK | |
r-release-linux-x86_64 | OK | |||||
r-release-macos-arm64 | 3.2.3 | 17.00 | OK | |||
r-release-macos-x86_64 | 3.2.3 | 27.00 | OK | |||
r-release-windows-x86_64 | 3.2.3 | 4.00 | 49.00 | 53.00 | OK | |
r-oldrel-macos-arm64 | 3.2.3 | 20.00 | OK | |||
r-oldrel-macos-x86_64 | 3.2.3 | 25.00 | OK | |||
r-oldrel-windows-x86_64 | 3.2.3 | 3.00 | 46.00 | 49.00 | OK |
Version: 3.2.3
Check: CRAN incoming feasibility
Result: NOTE
Maintainer: ‘Azade Ghazanfarihesari <azade_ghazanfari@yahoo.com>’
No Authors@R field in DESCRIPTION.
Please add one, modifying
Authors@R: c(person(given = "Azade",
family = "Ghazanfarihesari",
role = c("aut", "cre"),
email = "azade_ghazanfari@yahoo.com"),
person(given = c("Majid", "Sarmad-", "Ferdowsi", "University", "Of"),
family = "Mashhad",
role = "aut"))
as necessary.
Flavors: r-devel-linux-x86_64-debian-clang, r-devel-linux-x86_64-debian-gcc
These binaries (installable software) and packages are in development.
They may not be fully stable and should be used with caution. We make no claims about them.