Last updated on 2025-10-25 01:50:55 CEST.
| Flavor | Version | Tinstall | Tcheck | Ttotal | Status | Flags |
|---|---|---|---|---|---|---|
| r-devel-linux-x86_64-debian-clang | 0.1.0 | 21.16 | 24.85 | 46.01 | OK | |
| r-devel-linux-x86_64-debian-gcc | 0.1.0 | 13.35 | 20.39 | 33.74 | OK | |
| r-devel-linux-x86_64-fedora-clang | 0.1.0 | 61.00 | 22.04 | 83.04 | OK | |
| r-devel-linux-x86_64-fedora-gcc | 0.1.0 | 30.00 | 43.30 | 73.30 | OK | |
| r-devel-windows-x86_64 | 0.1.0 | 26.00 | 61.00 | 87.00 | OK | |
| r-patched-linux-x86_64 | 0.1.0 | 22.02 | 23.64 | 45.66 | OK | |
| r-release-linux-x86_64 | 0.1.0 | 20.79 | 23.40 | 44.19 | OK | |
| r-release-macos-arm64 | 0.1.0 | 13.00 | 20.00 | 33.00 | OK | |
| r-release-macos-x86_64 | 0.1.0 | 13.00 | 27.00 | 40.00 | OK | |
| r-release-windows-x86_64 | 0.1.0 | 25.00 | 63.00 | 88.00 | OK | |
| r-oldrel-macos-arm64 | 0.1.0 | 7.00 | 18.00 | 25.00 | NOTE | |
| r-oldrel-macos-x86_64 | 0.1.0 | 13.00 | 24.00 | 37.00 | NOTE | |
| r-oldrel-windows-x86_64 | 0.1.0 | 31.00 | 75.00 | 106.00 | NOTE |
Version: 0.1.0
Check: LazyData
Result: NOTE
'LazyData' is specified without a 'data' directory
Flavors: r-oldrel-macos-arm64, r-oldrel-macos-x86_64, r-oldrel-windows-x86_64
These binaries (installable software) and packages are in development.
They may not be fully stable and should be used with caution. We make no claims about them.