Last updated on 2025-05-08 04:52:01 CEST.
Flavor | Version | Tinstall | Tcheck | Ttotal | Status | Flags |
---|---|---|---|---|---|---|
r-devel-linux-x86_64-debian-clang | 2.1-3 | 2.30 | 23.37 | 25.67 | NOTE | |
r-devel-linux-x86_64-debian-gcc | 2.1-3 | 1.81 | 18.34 | 20.15 | NOTE | |
r-devel-linux-x86_64-fedora-clang | 2.1-3 | 40.25 | OK | |||
r-devel-linux-x86_64-fedora-gcc | 2.1-3 | 38.87 | OK | |||
r-devel-windows-x86_64 | 2.1-3 | 3.00 | 47.00 | 50.00 | OK | |
r-patched-linux-x86_64 | 2.1-3 | 2.59 | 22.71 | 25.30 | OK | |
r-release-linux-x86_64 | 2.1-3 | 2.38 | 22.87 | 25.25 | OK | |
r-release-macos-arm64 | 2.1-3 | 20.00 | OK | |||
r-release-macos-x86_64 | 2.1-3 | 30.00 | OK | |||
r-release-windows-x86_64 | 2.1-3 | 3.00 | 47.00 | 50.00 | OK | |
r-oldrel-macos-arm64 | 2.1-3 | 23.00 | OK | |||
r-oldrel-macos-x86_64 | 2.1-3 | 29.00 | OK | |||
r-oldrel-windows-x86_64 | 2.1-3 | 3.00 | 46.00 | 49.00 | OK |
Version: 2.1-3
Check: CRAN incoming feasibility
Result: NOTE
Maintainer: ‘Jonathan M. Lees<jonathan.lees@unc.edu>’
No Authors@R field in DESCRIPTION.
Please add one, modifying
Authors@R: person(given = c("Jonathan", "M."),
family = "Lees",
role = c("aut", "cre"),
email = "jonathan.lees@unc.edu")
as necessary.
Flavors: r-devel-linux-x86_64-debian-clang, r-devel-linux-x86_64-debian-gcc
These binaries (installable software) and packages are in development.
They may not be fully stable and should be used with caution. We make no claims about them.