CRAN Package Check Results for Package ClickClustCont

Last updated on 2025-05-07 22:48:23 CEST.

Flavor Version Tinstall Tcheck Ttotal Status Flags
r-devel-linux-x86_64-debian-clang 0.1.7 2.02 22.43 24.45 NOTE
r-devel-linux-x86_64-debian-gcc 0.1.7 1.88 17.41 19.29 NOTE
r-devel-linux-x86_64-fedora-clang 0.1.7 39.07 OK
r-devel-linux-x86_64-fedora-gcc 0.1.7 36.89 OK
r-devel-windows-x86_64 0.1.7 3.00 41.00 44.00 OK
r-patched-linux-x86_64 0.1.7 2.43 21.40 23.83 OK
r-release-linux-x86_64 0.1.7 2.13 21.40 23.53 OK
r-release-macos-arm64 0.1.7 19.00 OK
r-release-macos-x86_64 0.1.7 25.00 OK
r-release-windows-x86_64 0.1.7 3.00 42.00 45.00 OK
r-oldrel-macos-arm64 0.1.7 18.00 OK
r-oldrel-macos-x86_64 0.1.7 22.00 OK
r-oldrel-windows-x86_64 0.1.7 4.00 47.00 51.00 OK

Check Details

Version: 0.1.7
Check: CRAN incoming feasibility
Result: NOTE Maintainer: ‘Michael P.B. Gallaugher <gallaump@mcmaster.ca>’ No Authors@R field in DESCRIPTION. Please add one, modifying Authors@R: c(person(given = c("Michael", "P.B."), family = "Gallaugher", role = c("aut", "cre"), email = "gallaump@mcmaster.ca"), person(given = c("Paul", "D."), family = "McNicholas", role = "aut")) as necessary. The Description field contains <arXiv:1802.04849>. Please refer to arXiv e-prints via their arXiv DOI <doi:10.48550/arXiv.YYMM.NNNNN>. Flavors: r-devel-linux-x86_64-debian-clang, r-devel-linux-x86_64-debian-gcc

These binaries (installable software) and packages are in development.
They may not be fully stable and should be used with caution. We make no claims about them.