Last updated on 2025-05-22 03:50:32 CEST.
Flavor | Version | Tinstall | Tcheck | Ttotal | Status | Flags |
---|---|---|---|---|---|---|
r-devel-linux-x86_64-debian-clang | 0.3.3 | 6.79 | 43.98 | 50.77 | NOTE | |
r-devel-linux-x86_64-debian-gcc | 0.3.3 | 4.97 | 32.80 | 37.77 | NOTE | |
r-devel-linux-x86_64-fedora-clang | 0.3.3 | 80.56 | OK | |||
r-devel-linux-x86_64-fedora-gcc | 0.3.3 | 74.48 | OK | |||
r-devel-windows-x86_64 | 0.3.3 | 8.00 | 60.00 | 68.00 | NOTE | |
r-patched-linux-x86_64 | 0.3.3 | 7.02 | 41.66 | 48.68 | NOTE | |
r-release-linux-x86_64 | 0.3.3 | 6.24 | 41.15 | 47.39 | NOTE | |
r-release-macos-arm64 | 0.3.3 | 28.00 | OK | |||
r-release-macos-x86_64 | 0.3.3 | 58.00 | OK | |||
r-release-windows-x86_64 | 0.3.3 | 10.00 | 65.00 | 75.00 | NOTE | |
r-oldrel-macos-arm64 | 0.3.3 | 26.00 | OK | |||
r-oldrel-macos-x86_64 | 0.3.3 | 41.00 | OK | |||
r-oldrel-windows-x86_64 | 0.3.3 | 11.00 | 70.00 | 81.00 | OK |
Version: 0.3.3
Check: Rd cross-references
Result: NOTE
Found the following Rd file(s) with Rd \link{} targets missing package
anchors:
ClickHouseHTTPConnection-class.Rd: dbConnect
Please provide package anchors for all Rd \link{} targets not in the
package itself and the base packages.
Flavors: r-devel-linux-x86_64-debian-clang, r-devel-linux-x86_64-debian-gcc, r-devel-windows-x86_64, r-patched-linux-x86_64, r-release-linux-x86_64, r-release-windows-x86_64
These binaries (installable software) and packages are in development.
They may not be fully stable and should be used with caution. We make no claims about them.