Last updated on 2025-02-19 18:50:59 CET.
Flavor | Version | Tinstall | Tcheck | Ttotal | Status | Flags |
---|---|---|---|---|---|---|
r-devel-linux-x86_64-debian-clang | 0.1-1 | 2.09 | 35.55 | 37.64 | NOTE | |
r-devel-linux-x86_64-debian-gcc | 0.1-1 | 1.48 | 25.70 | 27.18 | NOTE | |
r-devel-linux-x86_64-fedora-clang | 0.1-1 | 61.17 | OK | |||
r-devel-linux-x86_64-fedora-gcc | 0.1-1 | 59.52 | OK | |||
r-devel-macos-arm64 | 0.1-1 | 22.00 | OK | |||
r-devel-macos-x86_64 | 0.1-1 | 39.00 | OK | |||
r-devel-windows-x86_64 | 0.1-1 | 3.00 | 55.00 | 58.00 | NOTE | |
r-patched-linux-x86_64 | 0.1-1 | 6.14 | 31.70 | 37.84 | OK | |
r-release-linux-x86_64 | 0.1-1 | 1.97 | 31.91 | 33.88 | OK | |
r-release-macos-arm64 | 0.1-1 | 18.00 | OK | |||
r-release-macos-x86_64 | 0.1-1 | 33.00 | OK | |||
r-release-windows-x86_64 | 0.1-1 | 4.00 | 52.00 | 56.00 | OK | |
r-oldrel-macos-arm64 | 0.1-1 | 21.00 | OK | |||
r-oldrel-macos-x86_64 | 0.1-1 | 29.00 | OK | |||
r-oldrel-windows-x86_64 | 0.1-1 | 5.00 | 75.00 | 80.00 | OK |
Version: 0.1-1
Check: Rd cross-references
Result: NOTE
Found the following Rd file(s) with Rd \link{} targets missing package
anchors:
liftHurstC.Rd: artificial.levels, Hfrombeta
liftHurstCC.Rd: artificial.levels, Hfrombeta
Please provide package anchors for all Rd \link{} targets not in the
package itself and the base packages.
Flavors: r-devel-linux-x86_64-debian-clang, r-devel-linux-x86_64-debian-gcc, r-devel-windows-x86_64
These binaries (installable software) and packages are in development.
They may not be fully stable and should be used with caution. We make no claims about them.