Last updated on 2025-02-19 18:50:59 CET.
Flavor | Version | Tinstall | Tcheck | Ttotal | Status | Flags |
---|---|---|---|---|---|---|
r-devel-linux-x86_64-debian-clang | 2.1.0 | 7.44 | 57.54 | 64.98 | NOTE | |
r-devel-linux-x86_64-debian-gcc | 2.1.0 | 6.33 | 41.35 | 47.68 | NOTE | |
r-devel-linux-x86_64-fedora-clang | 2.1.0 | 103.60 | OK | |||
r-devel-linux-x86_64-fedora-gcc | 2.1.0 | 96.22 | OK | |||
r-devel-macos-arm64 | 2.1.0 | 32.00 | OK | |||
r-devel-macos-x86_64 | 2.1.0 | 58.00 | OK | |||
r-devel-windows-x86_64 | 2.1.0 | 10.00 | 78.00 | 88.00 | NOTE | |
r-patched-linux-x86_64 | 2.1.0 | 12.88 | 52.77 | 65.65 | OK | |
r-release-linux-x86_64 | 2.1.0 | 6.56 | 52.65 | 59.21 | OK | |
r-release-macos-arm64 | 2.1.0 | 29.00 | OK | |||
r-release-macos-x86_64 | 2.1.0 | 43.00 | OK | |||
r-release-windows-x86_64 | 2.1.0 | 10.00 | 73.00 | 83.00 | OK | |
r-oldrel-macos-arm64 | 2.1.0 | 32.00 | OK | |||
r-oldrel-macos-x86_64 | 2.1.0 | 51.00 | OK | |||
r-oldrel-windows-x86_64 | 2.1.0 | 12.00 | 84.00 | 96.00 | OK |
Version: 2.1.0
Check: Rd cross-references
Result: NOTE
Found the following Rd file(s) with Rd \link{} targets missing package
anchors:
thornthwaite.Rd: daylength, geosphere
Please provide package anchors for all Rd \link{} targets not in the
package itself and the base packages.
Flavors: r-devel-linux-x86_64-debian-clang, r-devel-linux-x86_64-debian-gcc, r-devel-windows-x86_64
These binaries (installable software) and packages are in development.
They may not be fully stable and should be used with caution. We make no claims about them.