Last updated on 2024-07-27 15:50:13 CEST.
Flavor | Version | Tinstall | Tcheck | Ttotal | Status | Flags |
---|---|---|---|---|---|---|
r-devel-linux-x86_64-debian-clang | 0.3.3 | 6.64 | 50.22 | 56.86 | OK | |
r-devel-linux-x86_64-debian-gcc | 0.3.3 | OK | ||||
r-devel-linux-x86_64-fedora-clang | 0.3.3 | 71.17 | NOTE | |||
r-devel-linux-x86_64-fedora-gcc | 0.3.3 | 79.94 | OK | |||
r-devel-windows-x86_64 | 0.3.3 | 6.00 | 58.00 | 64.00 | OK | |
r-patched-linux-x86_64 | 0.3.3 | OK | ||||
r-release-linux-x86_64 | 0.3.3 | 6.07 | 48.30 | 54.37 | OK | |
r-release-macos-arm64 | 0.3.3 | 30.00 | OK | |||
r-release-macos-x86_64 | 0.3.3 | 45.00 | OK | |||
r-release-windows-x86_64 | 0.3.3 | 6.00 | 59.00 | 65.00 | OK | |
r-oldrel-macos-arm64 | 0.3.3 | 36.00 | OK | |||
r-oldrel-macos-x86_64 | 0.3.3 | 58.00 | OK | |||
r-oldrel-windows-x86_64 | 0.3.3 | 8.00 | 64.00 | 72.00 | OK |
Version: 0.3.3
Check: Rd cross-references
Result: NOTE
Undeclared package ‘s2dv’ in Rd xrefs
Flavor: r-devel-linux-x86_64-fedora-clang
These binaries (installable software) and packages are in development.
They may not be fully stable and should be used with caution. We make no claims about them.