Last updated on 2025-05-01 14:49:06 CEST.
Flavor | Version | Tinstall | Tcheck | Ttotal | Status | Flags |
---|---|---|---|---|---|---|
r-devel-linux-x86_64-debian-clang | 0.4.0 | 3.28 | 114.84 | 118.12 | NOTE | |
r-devel-linux-x86_64-debian-gcc | 0.4.0 | 2.56 | 78.67 | 81.23 | NOTE | |
r-devel-linux-x86_64-fedora-clang | 0.4.0 | 187.19 | OK | |||
r-devel-linux-x86_64-fedora-gcc | 0.4.0 | 201.04 | OK | |||
r-devel-windows-x86_64 | 0.4.0 | 5.00 | 110.00 | 115.00 | OK | |
r-patched-linux-x86_64 | 0.4.0 | 4.38 | 110.85 | 115.23 | OK | |
r-release-linux-x86_64 | OK | |||||
r-release-macos-arm64 | 0.4.0 | 55.00 | OK | |||
r-release-macos-x86_64 | 0.4.0 | 98.00 | OK | |||
r-release-windows-x86_64 | 0.4.0 | 7.00 | 111.00 | 118.00 | OK | |
r-oldrel-macos-arm64 | 0.4.0 | 49.00 | OK | |||
r-oldrel-macos-x86_64 | 0.4.0 | 80.00 | OK | |||
r-oldrel-windows-x86_64 | 0.4.0 | 8.00 | 140.00 | 148.00 | OK |
Version: 0.4.0
Check: CRAN incoming feasibility
Result: NOTE
Maintainer: ‘Jens Lange <lange.jens@outlook.com>’
Package CITATION file contains call(s) to old-style citEntry(). Please
use bibentry() instead.
Flavors: r-devel-linux-x86_64-debian-clang, r-devel-linux-x86_64-debian-gcc
These binaries (installable software) and packages are in development.
They may not be fully stable and should be used with caution. We make no claims about them.