Last updated on 2025-10-23 11:50:09 CEST.
Flavor | Version | Tinstall | Tcheck | Ttotal | Status | Flags |
---|---|---|---|---|---|---|
r-devel-linux-x86_64-debian-clang | 0.8.1 | 7.85 | 72.95 | 80.80 | NOTE | |
r-devel-linux-x86_64-debian-gcc | 0.8.1 | 5.18 | 49.81 | 54.99 | NOTE | |
r-devel-linux-x86_64-fedora-clang | 0.8.1 | 32.00 | 99.24 | 131.24 | OK | |
r-devel-linux-x86_64-fedora-gcc | 0.8.1 | 54.00 | 75.24 | 129.24 | OK | |
r-devel-windows-x86_64 | 0.8.1 | 9.00 | 78.00 | 87.00 | OK | |
r-patched-linux-x86_64 | 0.8.1 | 7.10 | 67.20 | 74.30 | OK | |
r-release-linux-x86_64 | 0.8.1 | 6.71 | 67.22 | 73.93 | OK | |
r-release-macos-arm64 | 0.8.1 | 3.00 | 27.00 | 30.00 | OK | |
r-release-macos-x86_64 | 0.8.1 | 5.00 | 47.00 | 52.00 | OK | |
r-release-windows-x86_64 | 0.8.1 | 9.00 | 79.00 | 88.00 | OK | |
r-oldrel-macos-arm64 | 0.8.1 | 3.00 | 28.00 | 31.00 | OK | |
r-oldrel-macos-x86_64 | 0.8.1 | 4.00 | 39.00 | 43.00 | OK | |
r-oldrel-windows-x86_64 | 0.8.1 | 12.00 | 97.00 | 109.00 | OK |
Version: 0.8.1
Check: CRAN incoming feasibility
Result: NOTE
Maintainer: ‘Jan Fojtik <9afojtik@gmail.com>’
The Description field contains
Sobisek, Stachova, Fojtik (2018) <arXiv:1807.05926>.
Please refer to arXiv e-prints via their arXiv DOI <doi:10.48550/arXiv.YYMM.NNNNN>.
Flavors: r-devel-linux-x86_64-debian-clang, r-devel-linux-x86_64-debian-gcc
These binaries (installable software) and packages are in development.
They may not be fully stable and should be used with caution. We make no claims about them.