Last updated on 2025-05-21 21:49:12 CEST.
Flavor | Version | Tinstall | Tcheck | Ttotal | Status | Flags |
---|---|---|---|---|---|---|
r-devel-linux-x86_64-debian-clang | 1.1.0 | 24.54 | 80.03 | 104.57 | NOTE | |
r-devel-linux-x86_64-debian-gcc | 1.1.0 | 18.93 | 59.22 | 78.15 | NOTE | |
r-devel-linux-x86_64-fedora-clang | 1.1.0 | 186.41 | OK | |||
r-devel-linux-x86_64-fedora-gcc | 1.1.0 | 165.62 | OK | |||
r-devel-windows-x86_64 | 1.1.0 | 35.00 | 102.00 | 137.00 | OK | |
r-patched-linux-x86_64 | 1.1.0 | 24.93 | 75.39 | 100.32 | OK | |
r-release-linux-x86_64 | 1.1.0 | 24.13 | 76.32 | 100.45 | OK | |
r-release-macos-arm64 | 1.1.0 | 48.00 | OK | |||
r-release-macos-x86_64 | 1.1.0 | 93.00 | OK | |||
r-release-windows-x86_64 | 1.1.0 | 33.00 | 101.00 | 134.00 | OK | |
r-oldrel-macos-arm64 | 1.1.0 | 46.00 | OK | |||
r-oldrel-macos-x86_64 | 1.1.0 | 69.00 | OK | |||
r-oldrel-windows-x86_64 | 1.1.0 | 41.00 | 129.00 | 170.00 | OK |
Version: 1.1.0
Check: CRAN incoming feasibility
Result: NOTE
Maintainer: ‘Matthieu Marbac <matthieu.marbac-lourdelle@ensai.fr>’
The Description field contains
Marbac et al. (2020) <arXiv:2012.14159> are implemented.
Please refer to arXiv e-prints via their arXiv DOI <doi:10.48550/arXiv.YYMM.NNNNN>.
Flavors: r-devel-linux-x86_64-debian-clang, r-devel-linux-x86_64-debian-gcc
These binaries (installable software) and packages are in development.
They may not be fully stable and should be used with caution. We make no claims about them.