CRAN Package Check Results for Package ClussCluster

Last updated on 2025-02-16 10:50:43 CET.

Flavor Version Tinstall Tcheck Ttotal Status Flags
r-devel-linux-x86_64-debian-clang 0.1.0 5.14 58.54 63.68 OK
r-devel-linux-x86_64-debian-gcc 0.1.0 4.16 42.23 46.39 OK
r-devel-linux-x86_64-fedora-clang 0.1.0 101.83 NOTE
r-devel-linux-x86_64-fedora-gcc 0.1.0 108.12 NOTE
r-devel-macos-arm64 0.1.0 39.00 OK
r-devel-macos-x86_64 0.1.0 77.00 OK
r-devel-windows-x86_64 0.1.0 7.00 70.00 77.00 OK
r-patched-linux-x86_64 0.1.0 5.18 52.98 58.16 OK
r-release-linux-x86_64 0.1.0 4.88 53.33 58.21 OK
r-release-macos-arm64 0.1.0 37.00 OK
r-release-macos-x86_64 0.1.0 62.00 OK
r-release-windows-x86_64 0.1.0 7.00 71.00 78.00 OK
r-oldrel-macos-arm64 0.1.0 38.00 OK
r-oldrel-macos-x86_64 0.1.0 57.00 OK
r-oldrel-windows-x86_64 0.1.0 9.00 101.00 110.00 OK

Check Details

Version: 0.1.0
Check: dependencies in R code
Result: NOTE Namespace in Imports field not imported from: ‘utils’ All declared Imports should be used. Flavors: r-devel-linux-x86_64-fedora-clang, r-devel-linux-x86_64-fedora-gcc

These binaries (installable software) and packages are in development.
They may not be fully stable and should be used with caution. We make no claims about them.