Last updated on 2025-02-16 10:50:43 CET.
Flavor | Version | Tinstall | Tcheck | Ttotal | Status | Flags |
---|---|---|---|---|---|---|
r-devel-linux-x86_64-debian-clang | 1.0.0 | 49.76 | 249.82 | 299.58 | OK | |
r-devel-linux-x86_64-debian-gcc | 1.0.0 | 35.76 | 181.74 | 217.50 | OK | |
r-devel-linux-x86_64-fedora-clang | 1.0.0 | 519.09 | OK | |||
r-devel-linux-x86_64-fedora-gcc | 1.0.0 | 483.53 | OK | |||
r-devel-macos-arm64 | 1.0.0 | 83.00 | OK | |||
r-devel-macos-x86_64 | 1.0.0 | 218.00 | OK | |||
r-devel-windows-x86_64 | 1.0.0 | 52.00 | 257.00 | 309.00 | OK | |
r-patched-linux-x86_64 | 1.0.0 | 50.78 | 232.84 | 283.62 | NOTE | |
r-release-linux-x86_64 | 1.0.0 | 50.18 | 232.68 | 282.86 | NOTE | |
r-release-macos-arm64 | 1.0.0 | 129.00 | NOTE | |||
r-release-macos-x86_64 | 1.0.0 | 229.00 | NOTE | |||
r-release-windows-x86_64 | 1.0.0 | 54.00 | 262.00 | 316.00 | NOTE | |
r-oldrel-macos-arm64 | 0.3.0 | 86.00 | OK | |||
r-oldrel-macos-x86_64 | 1.0.0 | 295.00 | NOTE | |||
r-oldrel-windows-x86_64 | 1.0.0 | 73.00 | 341.00 | 414.00 | NOTE |
Version: 1.0.0
Check: package dependencies
Result: NOTE
Package suggested but not available for checking: ‘monocle3’
Flavors: r-patched-linux-x86_64, r-release-linux-x86_64, r-release-windows-x86_64, r-oldrel-windows-x86_64
Version: 1.0.0
Check: package dependencies
Result: NOTE
Packages suggested but not available for checking:
'monocle3', 'SharedObject'
Flavors: r-release-macos-arm64, r-release-macos-x86_64, r-oldrel-macos-x86_64
These binaries (installable software) and packages are in development.
They may not be fully stable and should be used with caution. We make no claims about them.