Last updated on 2025-05-29 01:49:25 CEST.
Flavor | Version | Tinstall | Tcheck | Ttotal | Status | Flags |
---|---|---|---|---|---|---|
r-devel-linux-x86_64-debian-clang | 1.0.0 | 48.37 | 250.86 | 299.23 | OK | |
r-devel-linux-x86_64-debian-gcc | 1.1.0 | 37.75 | 194.17 | 231.92 | OK | |
r-devel-linux-x86_64-fedora-clang | 1.0.0 | 469.45 | OK | |||
r-devel-linux-x86_64-fedora-gcc | 1.1.0 | 481.52 | OK | |||
r-devel-windows-x86_64 | 1.0.0 | 57.00 | 262.00 | 319.00 | OK | |
r-patched-linux-x86_64 | 1.0.0 | 53.40 | 238.55 | 291.95 | OK | |
r-release-linux-x86_64 | 1.0.0 | 50.93 | 237.09 | 288.02 | OK | |
r-release-macos-arm64 | 1.1.0 | 134.00 | OK | |||
r-release-macos-x86_64 | 1.1.0 | 253.00 | OK | |||
r-release-windows-x86_64 | 1.1.0 | 51.00 | 285.00 | 336.00 | OK | |
r-oldrel-macos-arm64 | 1.1.0 | 140.00 | NOTE | |||
r-oldrel-macos-x86_64 | 1.1.0 | 247.00 | NOTE | |||
r-oldrel-windows-x86_64 | 1.1.0 | 52.00 | 361.00 | 413.00 | NOTE |
Version: 1.1.0
Check: package dependencies
Result: NOTE
Packages suggested but not available for checking:
'monocle3', 'SharedObject'
Flavors: r-oldrel-macos-arm64, r-oldrel-macos-x86_64
Version: 1.1.0
Check: package dependencies
Result: NOTE
Package suggested but not available for checking: 'monocle3'
Flavor: r-oldrel-windows-x86_64
These binaries (installable software) and packages are in development.
They may not be fully stable and should be used with caution. We make no claims about them.