Last updated on 2025-10-03 03:50:34 CEST.
Flavor | Version | Tinstall | Tcheck | Ttotal | Status | Flags |
---|---|---|---|---|---|---|
r-devel-linux-x86_64-debian-clang | 2.1 | 2.03 | 34.68 | 36.71 | OK | |
r-devel-linux-x86_64-debian-gcc | 2.1 | 1.69 | 27.19 | 28.88 | OK | |
r-devel-linux-x86_64-fedora-clang | 2.1 | 53.59 | NOTE | |||
r-devel-linux-x86_64-fedora-gcc | 2.1 | 68.47 | NOTE | |||
r-devel-windows-x86_64 | 2.1 | 6.00 | 52.00 | 58.00 | OK | |
r-patched-linux-x86_64 | 2.1 | 2.00 | 32.74 | 34.74 | OK | |
r-release-linux-x86_64 | 2.1 | 1.84 | 33.24 | 35.08 | OK | |
r-release-macos-arm64 | 2.1 | 40.00 | OK | |||
r-release-macos-x86_64 | 2.1 | 53.00 | OK | |||
r-release-windows-x86_64 | 2.1 | 4.00 | 53.00 | 57.00 | OK | |
r-oldrel-macos-arm64 | 2.1 | 26.00 | OK | |||
r-oldrel-macos-x86_64 | 2.1 | 39.00 | OK | |||
r-oldrel-windows-x86_64 | 2.1 | 5.00 | 59.00 | 64.00 | OK |
Version: 2.1
Check: dependencies in R code
Result: NOTE
Namespaces in Imports field not imported from:
‘sp’ ‘spdep’
All declared Imports should be used.
Flavors: r-devel-linux-x86_64-fedora-clang, r-devel-linux-x86_64-fedora-gcc
These binaries (installable software) and packages are in development.
They may not be fully stable and should be used with caution. We make no claims about them.