CRAN Package Check Results for Package ClustGeo

Last updated on 2025-11-12 19:51:44 CET.

Flavor Version Tinstall Tcheck Ttotal Status Flags
r-devel-linux-x86_64-debian-clang 2.1 2.08 34.24 36.32 OK
r-devel-linux-x86_64-debian-gcc 2.1 1.70 26.67 28.37 OK
r-devel-linux-x86_64-fedora-clang 2.1 19.00 41.06 60.06 NOTE
r-devel-linux-x86_64-fedora-gcc 2.1 71.40 NOTE
r-devel-windows-x86_64 2.1 5.00 52.00 57.00 OK
r-patched-linux-x86_64 2.1 2.09 32.95 35.04 OK
r-release-linux-x86_64 2.1 1.82 32.69 34.51 OK
r-release-macos-arm64 2.1 1.00 39.00 40.00 OK
r-release-macos-x86_64 2.1 2.00 51.00 53.00 OK
r-release-windows-x86_64 2.1 4.00 52.00 56.00 OK
r-oldrel-macos-arm64 2.1 1.00 25.00 26.00 OK
r-oldrel-macos-x86_64 2.1 2.00 37.00 39.00 OK
r-oldrel-windows-x86_64 2.1 4.00 60.00 64.00 OK

Check Details

Version: 2.1
Check: dependencies in R code
Result: NOTE Namespaces in Imports field not imported from: ‘sp’ ‘spdep’ All declared Imports should be used. Flavors: r-devel-linux-x86_64-fedora-clang, r-devel-linux-x86_64-fedora-gcc

These binaries (installable software) and packages are in development.
They may not be fully stable and should be used with caution. We make no claims about them.