Last updated on 2025-02-16 10:50:43 CET.
Flavor | Version | Tinstall | Tcheck | Ttotal | Status | Flags |
---|---|---|---|---|---|---|
r-devel-linux-x86_64-debian-clang | 2.1 | 2.17 | 31.69 | 33.86 | OK | |
r-devel-linux-x86_64-debian-gcc | 2.1 | 1.76 | 25.93 | 27.69 | OK | |
r-devel-linux-x86_64-fedora-clang | 2.1 | 57.51 | NOTE | |||
r-devel-linux-x86_64-fedora-gcc | 2.1 | 69.60 | NOTE | |||
r-devel-macos-arm64 | 2.1 | 30.00 | OK | |||
r-devel-macos-x86_64 | 2.1 | 52.00 | OK | |||
r-devel-windows-x86_64 | 2.1 | 4.00 | 52.00 | 56.00 | OK | |
r-patched-linux-x86_64 | 2.1 | 2.35 | 30.64 | 32.99 | OK | |
r-release-linux-x86_64 | 2.1 | 1.81 | 31.25 | 33.06 | OK | |
r-release-macos-arm64 | 2.1 | 26.00 | OK | |||
r-release-macos-x86_64 | 2.1 | 39.00 | OK | |||
r-release-windows-x86_64 | 2.1 | 3.00 | 51.00 | 54.00 | OK | |
r-oldrel-macos-arm64 | 2.1 | 27.00 | OK | |||
r-oldrel-macos-x86_64 | 2.1 | 40.00 | OK | |||
r-oldrel-windows-x86_64 | 2.1 | 4.00 | 64.00 | 68.00 | OK |
Version: 2.1
Check: dependencies in R code
Result: NOTE
Namespaces in Imports field not imported from:
‘sp’ ‘spdep’
All declared Imports should be used.
Flavors: r-devel-linux-x86_64-fedora-clang, r-devel-linux-x86_64-fedora-gcc
These binaries (installable software) and packages are in development.
They may not be fully stable and should be used with caution. We make no claims about them.