CRAN Package Check Results for Package ClustImpute

Last updated on 2025-07-23 21:51:39 CEST.

Flavor Version Tinstall Tcheck Ttotal Status Flags
r-devel-linux-x86_64-debian-clang 0.2.4 2.56 86.47 89.03 NOTE
r-devel-linux-x86_64-debian-gcc 0.2.4 1.91 64.42 66.33 NOTE
r-devel-linux-x86_64-fedora-clang 0.2.4 132.60 OK
r-devel-linux-x86_64-fedora-gcc 0.2.4 143.23 OK
r-devel-windows-x86_64 0.2.4 5.00 106.00 111.00 OK
r-patched-linux-x86_64 0.2.4 2.92 81.10 84.02 OK
r-release-linux-x86_64 0.2.4 2.66 81.50 84.16 OK
r-release-macos-arm64 0.2.4 52.00 OK
r-release-macos-x86_64 0.2.4 106.00 OK
r-release-windows-x86_64 0.2.4 5.00 108.00 113.00 OK
r-oldrel-macos-arm64 0.2.4 52.00 OK
r-oldrel-macos-x86_64 0.2.4 75.00 OK
r-oldrel-windows-x86_64 0.2.4 5.00 125.00 130.00 OK

Check Details

Version: 0.2.4
Check: CRAN incoming feasibility
Result: NOTE Maintainer: ‘Oliver Pfaffel <opfaffel@gmail.com>’ No Authors@R field in DESCRIPTION. Please add one, modifying Authors@R: person(given = "Oliver", family = "Pfaffel", role = c("aut", "cre"), email = "opfaffel@gmail.com") as necessary. Package CITATION file contains call(s) to old-style citEntry(). Please use bibentry() instead. Flavors: r-devel-linux-x86_64-debian-clang, r-devel-linux-x86_64-debian-gcc

These binaries (installable software) and packages are in development.
They may not be fully stable and should be used with caution. We make no claims about them.