Last updated on 2025-10-03 03:50:34 CEST.
Flavor | Version | Tinstall | Tcheck | Ttotal | Status | Flags |
---|---|---|---|---|---|---|
r-devel-linux-x86_64-debian-clang | 0.2.4 | 3.19 | 94.92 | 98.11 | NOTE | |
r-devel-linux-x86_64-debian-gcc | 0.2.4 | 2.23 | 69.05 | 71.28 | NOTE | |
r-devel-linux-x86_64-fedora-clang | 0.2.4 | 146.79 | OK | |||
r-devel-linux-x86_64-fedora-gcc | 0.2.4 | 155.30 | OK | |||
r-devel-windows-x86_64 | 0.2.4 | 5.00 | 112.00 | 117.00 | OK | |
r-patched-linux-x86_64 | 0.2.4 | 2.56 | 89.59 | 92.15 | OK | |
r-release-linux-x86_64 | 0.2.4 | 2.68 | 88.21 | 90.89 | OK | |
r-release-macos-arm64 | 0.2.4 | 52.00 | OK | |||
r-release-macos-x86_64 | 0.2.4 | 106.00 | OK | |||
r-release-windows-x86_64 | 0.2.4 | 5.00 | 115.00 | 120.00 | OK | |
r-oldrel-macos-arm64 | 0.2.4 | 52.00 | OK | |||
r-oldrel-macos-x86_64 | 0.2.4 | 75.00 | OK | |||
r-oldrel-windows-x86_64 | 0.2.4 | 6.00 | 132.00 | 138.00 | OK |
Version: 0.2.4
Check: CRAN incoming feasibility
Result: NOTE
Maintainer: ‘Oliver Pfaffel <opfaffel@gmail.com>’
No Authors@R field in DESCRIPTION.
Please add one, modifying
Authors@R: person(given = "Oliver",
family = "Pfaffel",
role = c("aut", "cre"),
email = "opfaffel@gmail.com")
as necessary.
Package CITATION file contains call(s) to old-style citEntry(). Please
use bibentry() instead.
Flavors: r-devel-linux-x86_64-debian-clang, r-devel-linux-x86_64-debian-gcc
These binaries (installable software) and packages are in development.
They may not be fully stable and should be used with caution. We make no claims about them.