Last updated on 2025-05-01 14:49:06 CEST.
Flavor | Version | Tinstall | Tcheck | Ttotal | Status | Flags |
---|---|---|---|---|---|---|
r-devel-linux-x86_64-debian-clang | 1.2 | 3.67 | 41.49 | 45.16 | NOTE | |
r-devel-linux-x86_64-debian-gcc | 1.2 | 2.45 | 29.32 | 31.77 | OK | |
r-devel-linux-x86_64-fedora-clang | 1.2 | 71.36 | OK | |||
r-devel-linux-x86_64-fedora-gcc | 1.2 | 68.09 | OK | |||
r-devel-windows-x86_64 | 1.2 | 4.00 | 65.00 | 69.00 | OK | |
r-patched-linux-x86_64 | 1.2 | 3.83 | 39.05 | 42.88 | OK | |
r-release-linux-x86_64 | OK | |||||
r-release-macos-arm64 | 1.2 | 23.00 | OK | |||
r-release-macos-x86_64 | 1.2 | 38.00 | OK | |||
r-release-windows-x86_64 | 1.2 | 5.00 | 69.00 | 74.00 | OK | |
r-oldrel-macos-arm64 | 1.2 | 25.00 | OK | |||
r-oldrel-macos-x86_64 | 1.2 | 41.00 | OK | |||
r-oldrel-windows-x86_64 | 1.2 | 5.00 | 68.00 | 73.00 | OK |
Version: 1.2
Check: examples
Result: NOTE
Examples with CPU (user + system) or elapsed time > 5s
user system elapsed
kmeansvar 4.719 0 6.203
Flavor: r-devel-linux-x86_64-debian-clang
These binaries (installable software) and packages are in development.
They may not be fully stable and should be used with caution. We make no claims about them.