Last updated on 2025-05-08 04:52:01 CEST.
Flavor | Version | Tinstall | Tcheck | Ttotal | Status | Flags |
---|---|---|---|---|---|---|
r-devel-linux-x86_64-debian-clang | 1.1.2 | 4.66 | 35.26 | 39.92 | NOTE | |
r-devel-linux-x86_64-debian-gcc | 1.1.2 | 2.89 | 25.67 | 28.56 | NOTE | |
r-devel-linux-x86_64-fedora-clang | 1.1.2 | 59.63 | OK | |||
r-devel-linux-x86_64-fedora-gcc | 1.1.2 | 56.96 | OK | |||
r-devel-windows-x86_64 | 1.1.2 | 5.00 | 53.00 | 58.00 | OK | |
r-patched-linux-x86_64 | 1.1.2 | 4.26 | 32.44 | 36.70 | OK | |
r-release-linux-x86_64 | 1.1.2 | 4.26 | 32.59 | 36.85 | OK | |
r-release-macos-arm64 | 1.1.2 | 25.00 | OK | |||
r-release-macos-x86_64 | 1.1.2 | 38.00 | OK | |||
r-release-windows-x86_64 | 1.1.2 | 6.00 | 54.00 | 60.00 | OK | |
r-oldrel-macos-arm64 | 1.1.2 | 23.00 | OK | |||
r-oldrel-macos-x86_64 | 1.1.2 | 31.00 | OK | |||
r-oldrel-windows-x86_64 | 1.1.2 | 7.00 | 62.00 | 69.00 | OK |
Version: 1.1.2
Check: CRAN incoming feasibility
Result: NOTE
Maintainer: ‘Mathijs Deen <m.l.deen@fsw.leidenuniv.nl>’
Package CITATION file contains call(s) to old-style personList() or
as.personList(). Please use c() on person objects instead.
Package CITATION file contains call(s) to old-style citEntry(). Please
use bibentry() instead.
Flavors: r-devel-linux-x86_64-debian-clang, r-devel-linux-x86_64-debian-gcc
These binaries (installable software) and packages are in development.
They may not be fully stable and should be used with caution. We make no claims about them.