Last updated on 2025-02-19 18:50:59 CET.
Flavor | Version | Tinstall | Tcheck | Ttotal | Status | Flags |
---|---|---|---|---|---|---|
r-devel-linux-x86_64-debian-clang | 0.1.2 | 35.66 | 273.91 | 309.57 | OK | |
r-devel-linux-x86_64-debian-gcc | 0.1.2 | 23.81 | 192.05 | 215.86 | OK | |
r-devel-linux-x86_64-fedora-clang | 0.1.2 | 497.36 | OK | |||
r-devel-linux-x86_64-fedora-gcc | 0.1.2 | 490.78 | OK | |||
r-devel-macos-x86_64 | 0.1.2 | 6.00 | ERROR | |||
r-devel-windows-x86_64 | 0.1.2 | 33.00 | 223.00 | 256.00 | OK | |
r-patched-linux-x86_64 | 0.1.2 | 31.07 | 245.05 | 276.12 | OK | |
r-release-linux-x86_64 | 0.1.2 | 29.84 | 245.77 | 275.61 | OK | |
r-release-macos-x86_64 | 0.1.2 | 11.00 | ERROR | |||
r-release-windows-x86_64 | 0.1.2 | 34.00 | 219.00 | 253.00 | OK | |
r-oldrel-macos-x86_64 | 0.1.2 | 11.00 | ERROR | |||
r-oldrel-windows-x86_64 | 0.1.2 | 39.00 | 273.00 | 312.00 | OK |
Version: 0.1.2
Check: package dependencies
Result: ERROR
Package required but not available: ‘TCseq’
Package suggested but not available for checking: ‘monocle’
See section ‘The DESCRIPTION file’ in the ‘Writing R Extensions’
manual.
Flavors: r-devel-macos-x86_64, r-release-macos-x86_64, r-oldrel-macos-x86_64
These binaries (installable software) and packages are in development.
They may not be fully stable and should be used with caution. We make no claims about them.