Last updated on 2024-07-27 15:50:13 CEST.
Flavor | Version | Tinstall | Tcheck | Ttotal | Status | Flags |
---|---|---|---|---|---|---|
r-devel-linux-x86_64-debian-clang | 1.0.4 | 24.22 | 96.27 | 120.49 | OK | |
r-devel-linux-x86_64-debian-gcc | 1.0.4 | OK | ||||
r-devel-linux-x86_64-fedora-clang | 1.0.4 | 167.95 | NOTE | |||
r-devel-linux-x86_64-fedora-gcc | 1.0.4 | 143.74 | NOTE | |||
r-devel-windows-x86_64 | 1.0.4 | 23.00 | 99.00 | 122.00 | OK | |
r-patched-linux-x86_64 | 1.0.4 | OK | ||||
r-release-linux-x86_64 | 1.0.4 | 23.91 | 81.09 | 105.00 | OK | |
r-release-macos-arm64 | 1.0.4 | 43.00 | OK | |||
r-release-macos-x86_64 | 1.0.4 | 67.00 | OK | |||
r-release-windows-x86_64 | 1.0.4 | 28.00 | 102.00 | 130.00 | OK | |
r-oldrel-macos-arm64 | 1.0.4 | 52.00 | OK | |||
r-oldrel-macos-x86_64 | 1.0.4 | 89.00 | OK | |||
r-oldrel-windows-x86_64 | 1.0.4 | 29.00 | 126.00 | 155.00 | OK |
Version: 1.0.4
Check: compiled code
Result: NOTE
File ‘ClusterStability/libs/ClusterStability.so’:
Found no calls to: ‘R_registerRoutines’, ‘R_useDynamicSymbols’
It is good practice to register native routines and to disable symbol
search.
See ‘Writing portable packages’ in the ‘Writing R Extensions’ manual.
Flavors: r-devel-linux-x86_64-fedora-clang, r-devel-linux-x86_64-fedora-gcc
These binaries (installable software) and packages are in development.
They may not be fully stable and should be used with caution. We make no claims about them.