Last updated on 2025-02-16 10:50:43 CET.
Flavor | Version | Tinstall | Tcheck | Ttotal | Status | Flags |
---|---|---|---|---|---|---|
r-devel-linux-x86_64-debian-clang | 1.0.4 | 18.40 | 75.02 | 93.42 | OK | |
r-devel-linux-x86_64-debian-gcc | 1.0.4 | 14.67 | 58.36 | 73.03 | OK | |
r-devel-linux-x86_64-fedora-clang | 1.0.4 | 164.92 | NOTE | |||
r-devel-linux-x86_64-fedora-gcc | 1.0.4 | 150.00 | NOTE | |||
r-devel-macos-arm64 | 1.0.4 | 44.00 | OK | |||
r-devel-macos-x86_64 | 1.0.4 | 107.00 | OK | |||
r-devel-windows-x86_64 | 1.0.4 | 22.00 | 101.00 | 123.00 | OK | |
r-patched-linux-x86_64 | 1.0.4 | 20.31 | 69.82 | 90.13 | OK | |
r-release-linux-x86_64 | 1.0.4 | 17.89 | 70.43 | 88.32 | OK | |
r-release-macos-arm64 | 1.0.4 | 43.00 | OK | |||
r-release-macos-x86_64 | 1.0.4 | 67.00 | OK | |||
r-release-windows-x86_64 | 1.0.4 | 23.00 | 119.00 | 142.00 | OK | |
r-oldrel-macos-arm64 | 1.0.4 | 52.00 | OK | |||
r-oldrel-macos-x86_64 | 1.0.4 | 89.00 | OK | |||
r-oldrel-windows-x86_64 | 1.0.4 | 26.00 | 128.00 | 154.00 | OK |
Version: 1.0.4
Check: compiled code
Result: NOTE
File ‘ClusterStability/libs/ClusterStability.so’:
Found no calls to: ‘R_registerRoutines’, ‘R_useDynamicSymbols’
It is good practice to register native routines and to disable symbol
search.
See ‘Writing portable packages’ in the ‘Writing R Extensions’ manual.
Flavors: r-devel-linux-x86_64-fedora-clang, r-devel-linux-x86_64-fedora-gcc
These binaries (installable software) and packages are in development.
They may not be fully stable and should be used with caution. We make no claims about them.