Last updated on 2025-11-12 12:53:06 CET.
| Flavor | Version | Tinstall | Tcheck | Ttotal | Status | Flags |
|---|---|---|---|---|---|---|
| r-devel-linux-x86_64-debian-clang | 1.7.10 | 17.14 | 139.67 | 156.81 | NOTE | |
| r-devel-linux-x86_64-debian-gcc | 1.7.10 | 12.83 | 98.89 | 111.72 | NOTE | |
| r-devel-linux-x86_64-fedora-clang | 1.7.10 | 104.00 | 152.46 | 256.46 | OK | |
| r-devel-linux-x86_64-fedora-gcc | 1.7.10 | 54.00 | 174.09 | 228.09 | OK | |
| r-devel-windows-x86_64 | 1.7.10 | 21.00 | 143.00 | 164.00 | OK | |
| r-patched-linux-x86_64 | 1.7.10 | 18.36 | 129.26 | 147.62 | OK | |
| r-release-linux-x86_64 | 1.7.10 | 18.79 | 129.99 | 148.78 | OK | |
| r-release-macos-arm64 | 1.7.10 | 8.00 | 69.00 | 77.00 | OK | |
| r-release-macos-x86_64 | 1.7.10 | 14.00 | 109.00 | 123.00 | OK | |
| r-release-windows-x86_64 | 1.7.10 | 22.00 | 141.00 | 163.00 | OK | |
| r-oldrel-macos-arm64 | 1.7.10 | 9.00 | 56.00 | 65.00 | OK | |
| r-oldrel-macos-x86_64 | 1.7.10 | 14.00 | 78.00 | 92.00 | OK | |
| r-oldrel-windows-x86_64 | 1.7.10 | 27.00 | 179.00 | 206.00 | OK |
Version: 1.7.10
Check: CRAN incoming feasibility
Result: NOTE
Maintainer: ‘Luis Alfonso Perez Martos <lapm0001@gmail.com>’
No Authors@R field in DESCRIPTION.
Please add one, modifying
Authors@R: person(given = c("Luis", "Alfonso", "Perez"),
family = "Martos",
role = c("aut", "cre"),
email = "lapm0001@gmail.com",
comment = c(ORCID = "0000-0002-5154-6105"))
as necessary.
Flavors: r-devel-linux-x86_64-debian-clang, r-devel-linux-x86_64-debian-gcc
These binaries (installable software) and packages are in development.
They may not be fully stable and should be used with caution. We make no claims about them.