Last updated on 2025-07-27 05:48:27 CEST.
Flavor | Version | Tinstall | Tcheck | Ttotal | Status | Flags |
---|---|---|---|---|---|---|
r-devel-linux-x86_64-debian-clang | 1.7.10 | 17.66 | 128.50 | 146.16 | NOTE | |
r-devel-linux-x86_64-debian-gcc | 1.7.10 | 13.11 | 91.34 | 104.45 | NOTE | |
r-devel-linux-x86_64-fedora-clang | 1.7.10 | 224.03 | OK | |||
r-devel-linux-x86_64-fedora-gcc | 1.7.10 | 203.60 | OK | |||
r-devel-windows-x86_64 | 1.7.10 | 20.00 | 140.00 | 160.00 | OK | |
r-patched-linux-x86_64 | 1.7.10 | 18.58 | 119.60 | 138.18 | OK | |
r-release-linux-x86_64 | 1.7.10 | 17.40 | 117.73 | 135.13 | OK | |
r-release-macos-arm64 | 1.7.10 | 77.00 | OK | |||
r-release-macos-x86_64 | 1.7.10 | 123.00 | OK | |||
r-release-windows-x86_64 | 1.7.10 | 19.00 | 137.00 | 156.00 | OK | |
r-oldrel-macos-arm64 | 1.7.10 | 65.00 | OK | |||
r-oldrel-macos-x86_64 | 1.7.10 | 92.00 | OK | |||
r-oldrel-windows-x86_64 | 1.7.10 | 27.00 | 181.00 | 208.00 | OK |
Version: 1.7.10
Check: CRAN incoming feasibility
Result: NOTE
Maintainer: ‘Luis Alfonso Perez Martos <lapm0001@gmail.com>’
No Authors@R field in DESCRIPTION.
Please add one, modifying
Authors@R: person(given = c("Luis", "Alfonso", "Perez"),
family = "Martos",
role = c("aut", "cre"),
email = "lapm0001@gmail.com",
comment = c(ORCID = "0000-0002-5154-6105"))
as necessary.
Flavors: r-devel-linux-x86_64-debian-clang, r-devel-linux-x86_64-debian-gcc
These binaries (installable software) and packages are in development.
They may not be fully stable and should be used with caution. We make no claims about them.