Last updated on 2025-05-07 15:49:13 CEST.
Flavor | Version | Tinstall | Tcheck | Ttotal | Status | Flags |
---|---|---|---|---|---|---|
r-devel-linux-x86_64-debian-clang | 0.8 | 52.81 | 60.45 | 113.26 | NOTE | |
r-devel-linux-x86_64-debian-gcc | 0.8 | 32.95 | 42.57 | 75.52 | NOTE | |
r-devel-linux-x86_64-fedora-clang | 0.8 | 201.73 | NOTE | |||
r-devel-linux-x86_64-fedora-gcc | 0.8 | 188.70 | NOTE | |||
r-devel-windows-x86_64 | 0.8 | 62.00 | 94.00 | 156.00 | NOTE | |
r-patched-linux-x86_64 | 0.8 | 46.89 | 55.98 | 102.87 | NOTE | |
r-release-linux-x86_64 | 0.8 | 46.17 | 56.28 | 102.45 | NOTE | |
r-release-macos-arm64 | 0.8 | 50.00 | NOTE | |||
r-release-macos-x86_64 | 0.8 | 66.00 | NOTE | |||
r-release-windows-x86_64 | 0.8 | 62.00 | 98.00 | 160.00 | NOTE | |
r-oldrel-macos-arm64 | 0.8 | 46.00 | NOTE | |||
r-oldrel-macos-x86_64 | 0.8 | 58.00 | NOTE | |||
r-oldrel-windows-x86_64 | 0.8 | 71.00 | 114.00 | 185.00 | NOTE |
Version: 0.8
Check: CRAN incoming feasibility
Result: NOTE
Maintainer: ‘Antonio Canale <antonio.canale@unipd.it>’
No Authors@R field in DESCRIPTION.
Please add one, modifying
Authors@R: c(person(given = "Antonio",
family = "Canale",
role = c("aut", "cre"),
email = "antonio.canale@unipd.it"),
person(given = "Daniele",
family = "Durante",
role = "ctb"),
person(given = "Arianna",
family = "Falcioni",
role = "aut"),
person(given = "Luisa",
family = "Galtarossa",
role = "aut"),
person(given = "Tommaso",
family = "Rigon",
role = "ctb"))
as necessary.
Flavors: r-devel-linux-x86_64-debian-clang, r-devel-linux-x86_64-debian-gcc
Version: 0.8
Check: Rd files
Result: NOTE
checkRd: (-1) BMD.Rd:21: Lost braces in \itemize; \value handles \item{}{} directly
checkRd: (-1) BMD.Rd:22: Lost braces in \itemize; \value handles \item{}{} directly
checkRd: (-1) BMD.Rd:23: Lost braces in \itemize; \value handles \item{}{} directly
checkRd: (-1) BMD.Rd:24: Lost braces in \itemize; \value handles \item{}{} directly
checkRd: (-1) BMD.Rd:25: Lost braces in \itemize; \value handles \item{}{} directly
checkRd: (-1) add.risk.Rd:30: Lost braces in \itemize; \value handles \item{}{} directly
checkRd: (-1) add.risk.Rd:31: Lost braces in \itemize; \value handles \item{}{} directly
checkRd: (-1) comire.gibbs.Rd:66: Lost braces in \itemize; \value handles \item{}{} directly
checkRd: (-1) comire.gibbs.Rd:67-68: Lost braces in \itemize; \value handles \item{}{} directly
checkRd: (-1) comire.gibbs.Rd:69: Lost braces in \itemize; \value handles \item{}{} directly
checkRd: (-1) comire.gibbs.Rd:70: Lost braces in \itemize; \value handles \item{}{} directly
checkRd: (-1) comire.gibbs.Rd:71: Lost braces in \itemize; \value handles \item{}{} directly
checkRd: (-1) comire.gibbs.Rd:72: Lost braces in \itemize; \value handles \item{}{} directly
checkRd: (-1) comire.gibbs.Rd:73: Lost braces in \itemize; \value handles \item{}{} directly
checkRd: (-1) comire.gibbs.Rd:74: Lost braces in \itemize; \value handles \item{}{} directly
checkRd: (-1) comire.gibbs.Rd:75: Lost braces in \itemize; \value handles \item{}{} directly
checkRd: (-1) comire.gibbs.Rd:76: Lost braces in \itemize; \value handles \item{}{} directly
Flavors: r-devel-linux-x86_64-debian-clang, r-devel-linux-x86_64-debian-gcc, r-devel-linux-x86_64-fedora-clang, r-devel-linux-x86_64-fedora-gcc, r-devel-windows-x86_64, r-patched-linux-x86_64, r-release-linux-x86_64, r-release-macos-arm64, r-release-macos-x86_64, r-release-windows-x86_64, r-oldrel-macos-arm64, r-oldrel-macos-x86_64, r-oldrel-windows-x86_64
These binaries (installable software) and packages are in development.
They may not be fully stable and should be used with caution. We make no claims about them.