CRAN Package Check Results for Package CoRpower

Last updated on 2025-10-02 23:48:47 CEST.

Flavor Version Tinstall Tcheck Ttotal Status Flags
r-devel-linux-x86_64-debian-clang 1.0.4 7.83 91.74 99.57 OK
r-devel-linux-x86_64-debian-gcc 1.0.4 6.09 65.40 71.49 OK
r-devel-linux-x86_64-fedora-clang 1.0.4 155.08 OK
r-devel-linux-x86_64-fedora-gcc 1.0.4 158.25 OK
r-devel-windows-x86_64 1.0.4 9.00 108.00 117.00 OK
r-patched-linux-x86_64 1.0.4 8.32 87.05 95.37 OK
r-release-linux-x86_64 1.0.4 6.96 87.19 94.15 OK
r-release-macos-arm64 1.0.4 57.00 OK
r-release-macos-x86_64 1.0.4 103.00 OK
r-release-windows-x86_64 1.0.4 8.00 108.00 116.00 OK
r-oldrel-macos-arm64 1.0.4 52.00 NOTE
r-oldrel-macos-x86_64 1.0.4 81.00 NOTE
r-oldrel-windows-x86_64 1.0.4 11.00 134.00 145.00 NOTE

Check Details

Version: 1.0.4
Check: LazyData
Result: NOTE 'LazyData' is specified without a 'data' directory Flavors: r-oldrel-macos-arm64, r-oldrel-macos-x86_64, r-oldrel-windows-x86_64

These binaries (installable software) and packages are in development.
They may not be fully stable and should be used with caution. We make no claims about them.