Last updated on 2025-11-14 09:49:58 CET.
| Flavor | Version | Tinstall | Tcheck | Ttotal | Status | Flags |
|---|---|---|---|---|---|---|
| r-devel-linux-x86_64-debian-clang | 1.43 | 6.10 | 54.88 | 60.98 | NOTE | |
| r-devel-linux-x86_64-debian-gcc | 1.43 | 4.43 | 42.08 | 46.51 | NOTE | |
| r-devel-linux-x86_64-fedora-clang | 1.43 | 54.00 | 42.73 | 96.73 | OK | |
| r-devel-linux-x86_64-fedora-gcc | 1.43 | 15.00 | 71.48 | 86.48 | OK | |
| r-devel-windows-x86_64 | 1.43 | 7.00 | 67.00 | 74.00 | OK | |
| r-patched-linux-x86_64 | 1.43 | 6.38 | 53.82 | 60.20 | OK | |
| r-release-linux-x86_64 | 1.43 | 5.58 | 54.01 | 59.59 | OK | |
| r-release-macos-arm64 | 1.43 | 3.00 | 30.00 | 33.00 | OK | |
| r-release-macos-x86_64 | 1.43 | 9.00 | 72.00 | 81.00 | OK | |
| r-release-windows-x86_64 | 1.43 | 6.00 | 66.00 | 72.00 | OK | |
| r-oldrel-macos-arm64 | 1.43 | 3.00 | 29.00 | 32.00 | OK | |
| r-oldrel-macos-x86_64 | 1.43 | 4.00 | 40.00 | 44.00 | OK | |
| r-oldrel-windows-x86_64 | 1.43 | 9.00 | 74.00 | 83.00 | OK |
Version: 1.43
Check: CRAN incoming feasibility
Result: NOTE
Maintainer: ‘Lars Ronnegard <lrn@du.se>’
No Authors@R field in DESCRIPTION.
Please add one, modifying
Authors@R: person(given = "Lars",
family = "Ronnegard",
role = c("aut", "cre"),
email = "lrn@du.se")
as necessary.
Flavors: r-devel-linux-x86_64-debian-clang, r-devel-linux-x86_64-debian-gcc
These binaries (installable software) and packages are in development.
They may not be fully stable and should be used with caution. We make no claims about them.