CRAN Package Check Results for Package CodeDepends

Last updated on 2025-05-01 10:50:06 CEST.

Flavor Version Tinstall Tcheck Ttotal Status Flags
r-devel-linux-x86_64-debian-clang 0.6.6 11.21 68.23 79.44 NOTE
r-devel-linux-x86_64-debian-gcc 0.6.6 7.25 49.61 56.86 NOTE
r-devel-linux-x86_64-fedora-clang 0.6.6 139.31 OK
r-devel-linux-x86_64-fedora-gcc 0.6.6 157.85 OK
r-devel-windows-x86_64 0.6.6 10.00 91.00 101.00 OK
r-patched-linux-x86_64 0.6.6 9.39 65.49 74.88 OK
r-release-linux-x86_64 OK
r-release-macos-arm64 0.6.6 44.00 OK
r-release-macos-x86_64 0.6.6 92.00 OK
r-release-windows-x86_64 0.6.6 10.00 91.00 101.00 OK
r-oldrel-macos-arm64 0.6.6 45.00 OK
r-oldrel-macos-x86_64 0.6.6 67.00 OK
r-oldrel-windows-x86_64 0.6.6 9.00 104.00 113.00 OK

Additional issues

noSuggests

Check Details

Version: 0.6.6
Check: CRAN incoming feasibility
Result: NOTE Maintainer: ‘Gabriel Becker <gabembecker@gmail.com>’ No Authors@R field in DESCRIPTION. Please add one, modifying Authors@R: c(person(given = c("Duncan", "Temple"), family = "Lang", role = "aut"), person(given = "Roger", family = "Peng", role = "aut"), person(given = "Deborah", family = "Nolan", role = "aut"), person(given = "Gabriel", family = "Becker", role = c("aut", "cre"), email = "gabembecker@gmail.com")) as necessary. Flavors: r-devel-linux-x86_64-debian-clang, r-devel-linux-x86_64-debian-gcc

These binaries (installable software) and packages are in development.
They may not be fully stable and should be used with caution. We make no claims about them.