Last updated on 2025-10-23 11:50:10 CEST.
Flavor | Version | Tinstall | Tcheck | Ttotal | Status | Flags |
---|---|---|---|---|---|---|
r-devel-linux-x86_64-debian-clang | 1.0.1 | 6.84 | 852.95 | 859.79 | WARN | |
r-devel-linux-x86_64-debian-gcc | 1.0.1 | 4.86 | 572.36 | 577.22 | WARN | |
r-devel-linux-x86_64-fedora-clang | 1.0.2 | 13.00 | 1317.46 | 1330.46 | OK | |
r-devel-linux-x86_64-fedora-gcc | 1.0.2 | 20.00 | 1373.82 | 1393.82 | OK | |
r-devel-windows-x86_64 | 1.0.1 | 9.00 | 507.00 | 516.00 | WARN | |
r-patched-linux-x86_64 | 1.0.1 | 5.67 | 809.72 | 815.39 | WARN | |
r-release-linux-x86_64 | 1.0.1 | 5.24 | 811.59 | 816.83 | WARN | |
r-release-macos-arm64 | 1.0.2 | 3.00 | 264.00 | 267.00 | OK | |
r-release-macos-x86_64 | 1.0.2 | 14.00 | 606.00 | 620.00 | OK | |
r-release-windows-x86_64 | 1.0.1 | 9.00 | 528.00 | 537.00 | WARN | |
r-oldrel-macos-arm64 | 1.0.2 | 3.00 | 258.00 | 261.00 | NOTE | |
r-oldrel-macos-x86_64 | 1.0.2 | 13.00 | ERROR | |||
r-oldrel-windows-x86_64 | 1.0.1 | 13.00 | 787.00 | 800.00 | WARN |
Version: 1.0.1
Check: for code/documentation mismatches
Result: WARN
Codoc mismatches from Rd file 'mockCohortCharacteristics.Rd':
mockCohortCharacteristics
Code: function(numberIndividuals = 10, ..., source = "local", con =
lifecycle::deprecated(), writeSchema =
lifecycle::deprecated(), seed =
lifecycle::deprecated())
Docs: function(con = NULL, writeSchema = NULL, numberIndividuals =
10, ..., seed = NULL)
Argument names in code not in docs:
source
Mismatches in argument names (first 3):
Position: 1 Code: numberIndividuals Docs: con
Position: 2 Code: ... Docs: writeSchema
Position: 3 Code: source Docs: numberIndividuals
Mismatches in argument default values:
Name: 'con' Code: lifecycle::deprecated() Docs: NULL
Name: 'writeSchema' Code: lifecycle::deprecated() Docs: NULL
Name: 'seed' Code: lifecycle::deprecated() Docs: NULL
Flavors: r-devel-linux-x86_64-debian-clang, r-devel-linux-x86_64-debian-gcc, r-devel-windows-x86_64, r-patched-linux-x86_64, r-release-linux-x86_64, r-release-windows-x86_64, r-oldrel-windows-x86_64
Version: 1.0.1
Check: HTML version of manual
Result: NOTE
Found the following HTML validation problems:
cohortDoc.html:40:1 (cohortDoc.Rd:7): Warning: missing </ul> before </div>
cohortIdDoc.html:41:1 (cohortIdDoc.Rd:8): Warning: missing </ul> before </div>
plotDoc.html:47:1 (plotDoc.Rd:12): Warning: missing </ul> before </div>
resultDoc.html:40:1 (resultDoc.Rd:7): Warning: missing </ul> before </div>
strataDoc.html:41:1 (strataDoc.Rd:8): Warning: missing </ul> before </div>
tableDoc.html:61:1 (tableDoc.Rd:20): Warning: missing </ul> before </div>
timeScaleDoc.html:40:1 (timeScaleDoc.Rd:7): Warning: missing </ul> before </div>
uniqueCombinationsDoc.html:41:1 (uniqueCombinationsDoc.Rd:8): Warning: missing </ul> before </div>
Flavor: r-devel-linux-x86_64-debian-clang
Version: 1.0.2
Check: installed package size
Result: NOTE
installed size is 6.0Mb
sub-directories of 1Mb or more:
doc 4.0Mb
help 1.8Mb
Flavor: r-oldrel-macos-arm64
Version: 1.0.2
Check: package dependencies
Result: ERROR
Package required and available but unsuitable version: ‘omopgenerics’
See section ‘The DESCRIPTION file’ in the ‘Writing R Extensions’
manual.
Flavor: r-oldrel-macos-x86_64
Version: 1.0.1
Check: installed package size
Result: NOTE
installed size is 6.0Mb
sub-directories of 1Mb or more:
doc 4.0Mb
help 1.8Mb
Flavor: r-oldrel-windows-x86_64
These binaries (installable software) and packages are in development.
They may not be fully stable and should be used with caution. We make no claims about them.