CRAN Package Check Results for Package CohortConstructor

Last updated on 2025-07-11 09:50:03 CEST.

Flavor Version Tinstall Tcheck Ttotal Status Flags
r-devel-linux-x86_64-debian-clang 0.4.0 8.91 1022.17 1031.08 OK
r-devel-linux-x86_64-debian-gcc 0.4.0 5.85 717.69 723.54 OK
r-devel-linux-x86_64-fedora-clang 0.4.0 1727.47 OK
r-devel-linux-x86_64-fedora-gcc 0.4.0 1562.07 OK
r-devel-windows-x86_64 0.4.0 11.00 740.00 751.00 OK
r-patched-linux-x86_64 0.4.0 10.45 969.13 979.58 OK
r-release-linux-x86_64 0.4.0 7.57 975.82 983.39 OK
r-release-macos-arm64 0.4.0 285.00 OK
r-release-macos-x86_64 0.4.0 603.00 OK
r-release-windows-x86_64 0.4.0 11.00 735.00 746.00 OK
r-oldrel-macos-arm64 0.4.0 352.00 NOTE
r-oldrel-macos-x86_64 0.4.0 738.00 NOTE
r-oldrel-windows-x86_64 0.4.0 15.00 1131.00 1146.00 NOTE

Check Details

Version: 0.4.0
Check: installed package size
Result: NOTE installed size is 8.2Mb sub-directories of 1Mb or more: doc 7.2Mb Flavors: r-oldrel-macos-arm64, r-oldrel-macos-x86_64, r-oldrel-windows-x86_64

These binaries (installable software) and packages are in development.
They may not be fully stable and should be used with caution. We make no claims about them.