Last updated on 2025-05-08 04:52:01 CEST.
Flavor | Version | Tinstall | Tcheck | Ttotal | Status | Flags |
---|---|---|---|---|---|---|
r-devel-linux-x86_64-debian-clang | 0.3.5 | 10.36 | 689.73 | 700.09 | OK | |
r-devel-linux-x86_64-debian-gcc | 0.3.5 | 6.34 | 510.41 | 516.75 | OK | |
r-devel-linux-x86_64-fedora-clang | 0.3.5 | 1136.94 | OK | |||
r-devel-linux-x86_64-fedora-gcc | 0.3.5 | 1030.12 | OK | |||
r-devel-windows-x86_64 | 0.3.5 | 12.00 | 525.00 | 537.00 | OK | |
r-patched-linux-x86_64 | 0.3.5 | 10.09 | 657.78 | 667.87 | OK | |
r-release-linux-x86_64 | 0.3.5 | 8.81 | 661.68 | 670.49 | OK | |
r-release-macos-arm64 | 0.3.5 | 296.00 | OK | |||
r-release-macos-x86_64 | 0.3.5 | 320.00 | OK | |||
r-release-windows-x86_64 | 0.3.5 | 11.00 | 533.00 | 544.00 | OK | |
r-oldrel-macos-arm64 | 0.3.5 | 208.00 | NOTE | |||
r-oldrel-macos-x86_64 | 0.3.5 | 353.00 | NOTE | |||
r-oldrel-windows-x86_64 | 0.3.5 | 15.00 | 796.00 | 811.00 | NOTE |
Version: 0.3.5
Check: installed package size
Result: NOTE
installed size is 8.3Mb
sub-directories of 1Mb or more:
doc 7.4Mb
Flavors: r-oldrel-macos-arm64, r-oldrel-macos-x86_64, r-oldrel-windows-x86_64
These binaries (installable software) and packages are in development.
They may not be fully stable and should be used with caution. We make no claims about them.