Last updated on 2025-02-02 14:48:20 CET.
Flavor | Version | Tinstall | Tcheck | Ttotal | Status | Flags |
---|---|---|---|---|---|---|
r-devel-linux-x86_64-debian-clang | 0.1.0 | 7.35 | 65.80 | 73.15 | NOTE | |
r-devel-linux-x86_64-debian-gcc | 0.1.0 | 6.02 | 47.99 | 54.01 | NOTE | |
r-devel-linux-x86_64-fedora-clang | 0.1.0 | 124.07 | NOTE | |||
r-devel-linux-x86_64-fedora-gcc | 0.1.0 | 128.98 | NOTE | |||
r-devel-windows-x86_64 | 0.1.0 | 10.00 | 78.00 | 88.00 | NOTE | |
r-patched-linux-x86_64 | 0.1.0 | 6.55 | 61.63 | 68.18 | OK | |
r-release-linux-x86_64 | 0.1.0 | 6.58 | 62.31 | 68.89 | OK | |
r-release-macos-arm64 | 0.1.0 | 47.00 | OK | |||
r-release-macos-x86_64 | 0.1.0 | 78.00 | OK | |||
r-release-windows-x86_64 | 0.1.0 | 8.00 | 80.00 | 88.00 | OK | |
r-oldrel-macos-arm64 | 0.1.0 | 47.00 | OK | |||
r-oldrel-macos-x86_64 | 0.1.0 | 83.00 | OK | |||
r-oldrel-windows-x86_64 | 0.1.0 | 10.00 | 91.00 | 101.00 | OK |
Version: 0.1.0
Check: DESCRIPTION meta-information
Result: NOTE
Missing dependency on R >= 4.1.0 because package code uses the pipe
|> or function shorthand \(...) syntax added in R 4.1.0.
File(s) using such syntax:
‘CreateCohortExplorerApp.R’
Flavors: r-devel-linux-x86_64-debian-clang, r-devel-linux-x86_64-debian-gcc, r-devel-linux-x86_64-fedora-clang, r-devel-linux-x86_64-fedora-gcc, r-devel-windows-x86_64
These binaries (installable software) and packages are in development.
They may not be fully stable and should be used with caution. We make no claims about them.