CRAN Package Check Results for Package CollapseLevels

Last updated on 2025-10-03 11:50:38 CEST.

Flavor Version Tinstall Tcheck Ttotal Status Flags
r-devel-linux-x86_64-debian-clang 0.3.0 2.42 41.37 43.79 NOTE
r-devel-linux-x86_64-debian-gcc 0.3.0 2.07 30.69 32.76 NOTE
r-devel-linux-x86_64-fedora-clang 0.3.0 65.71 OK
r-devel-linux-x86_64-fedora-gcc 0.3.0 77.71 OK
r-devel-windows-x86_64 0.3.0 5.00 59.00 64.00 OK
r-patched-linux-x86_64 0.3.0 3.07 39.35 42.42 OK
r-release-linux-x86_64 0.3.0 2.73 38.83 41.56 OK
r-release-macos-arm64 0.3.0 33.00 OK
r-release-macos-x86_64 0.3.0 50.00 OK
r-release-windows-x86_64 0.3.0 5.00 58.00 63.00 OK
r-oldrel-macos-arm64 0.3.0 28.00 OK
r-oldrel-macos-x86_64 0.3.0 41.00 OK
r-oldrel-windows-x86_64 0.3.0 6.00 71.00 77.00 OK

Check Details

Version: 0.3.0
Check: CRAN incoming feasibility
Result: NOTE Maintainer: ‘Krishanu Mukherjee <toton1181@gmail.com>’ No Authors@R field in DESCRIPTION. Please add one, modifying Authors@R: person(given = "Krishanu", family = "Mukherjee", role = c("aut", "cre"), email = "toton1181@gmail.com") as necessary. Flavors: r-devel-linux-x86_64-debian-clang, r-devel-linux-x86_64-debian-gcc

These binaries (installable software) and packages are in development.
They may not be fully stable and should be used with caution. We make no claims about them.