Last updated on 2025-07-05 15:49:57 CEST.
Flavor | Version | Tinstall | Tcheck | Ttotal | Status | Flags |
---|---|---|---|---|---|---|
r-devel-linux-x86_64-debian-clang | 1.3.0 | 293.84 | 271.88 | 565.72 | OK | |
r-devel-linux-x86_64-debian-gcc | 1.3.0 | 213.86 | 243.46 | 457.32 | OK | |
r-devel-linux-x86_64-fedora-clang | 1.3.0 | 847.56 | OK | |||
r-devel-linux-x86_64-fedora-gcc | 1.3.0 | 988.04 | OK | |||
r-devel-windows-x86_64 | 1.3.0 | 217.00 | 668.00 | 885.00 | OK | |
r-patched-linux-x86_64 | 1.3.0 | 303.09 | 274.28 | 577.37 | OK | |
r-release-linux-x86_64 | 1.3.0 | 284.30 | 269.38 | 553.68 | OK | |
r-release-macos-arm64 | 1.3.0 | 236.00 | OK | |||
r-release-macos-x86_64 | 1.3.0 | 501.00 | OK | |||
r-release-windows-x86_64 | 1.3.0 | 226.00 | 659.00 | 885.00 | OK | |
r-oldrel-macos-arm64 | 1.3.0 | 309.00 | NOTE | |||
r-oldrel-macos-x86_64 | 1.3.0 | 430.00 | NOTE | |||
r-oldrel-windows-x86_64 | 1.3.0 | 277.00 | 859.00 | 1136.00 | NOTE |
Version: 1.3.0
Check: installed package size
Result: NOTE
installed size is 98.7Mb
sub-directories of 1Mb or more:
doc 1.9Mb
libs 96.2Mb
Flavors: r-oldrel-macos-arm64, r-oldrel-macos-x86_64, r-oldrel-windows-x86_64
These binaries (installable software) and packages are in development.
They may not be fully stable and should be used with caution. We make no claims about them.