Last updated on 2025-05-21 21:49:12 CEST.
Flavor | Version | Tinstall | Tcheck | Ttotal | Status | Flags |
---|---|---|---|---|---|---|
r-devel-linux-x86_64-debian-clang | 1.2 | 250.95 | 254.39 | 505.34 | OK | |
r-devel-linux-x86_64-debian-gcc | 1.2 | 187.17 | 219.45 | 406.62 | OK | |
r-devel-linux-x86_64-fedora-clang | 1.2 | 838.16 | OK | |||
r-devel-linux-x86_64-fedora-gcc | 1.2 | 969.94 | OK | |||
r-devel-windows-x86_64 | 1.2 | 212.00 | 592.00 | 804.00 | OK | |
r-patched-linux-x86_64 | 1.2 | 248.02 | 250.52 | 498.54 | OK | |
r-release-linux-x86_64 | 1.2 | 264.55 | 256.47 | 521.02 | OK | |
r-release-macos-arm64 | 1.2 | 325.00 | OK | |||
r-release-macos-x86_64 | 1.2 | 463.00 | OK | |||
r-release-windows-x86_64 | 1.2 | 207.00 | 598.00 | 805.00 | OK | |
r-oldrel-macos-arm64 | 1.2 | 271.00 | NOTE | |||
r-oldrel-macos-x86_64 | 1.2 | 477.00 | NOTE | |||
r-oldrel-windows-x86_64 | 1.2 | 249.00 | 773.00 | 1022.00 | NOTE |
Version: 1.2
Check: installed package size
Result: NOTE
installed size is 93.6Mb
sub-directories of 1Mb or more:
doc 1.8Mb
libs 91.3Mb
Flavors: r-oldrel-macos-arm64, r-oldrel-macos-x86_64, r-oldrel-windows-x86_64
These binaries (installable software) and packages are in development.
They may not be fully stable and should be used with caution. We make no claims about them.