CRAN Package Check Results for Package CombinePortfolio

Last updated on 2025-11-11 17:49:55 CET.

Flavor Version Tinstall Tcheck Ttotal Status Flags
r-devel-linux-x86_64-debian-clang 0.4 3.10 27.89 30.99 NOTE
r-devel-linux-x86_64-debian-gcc 0.4 2.32 21.16 23.48 NOTE
r-devel-linux-x86_64-fedora-clang 0.4 18.00 28.73 46.73 OK
r-devel-linux-x86_64-fedora-gcc 0.4 45.16 OK
r-devel-windows-x86_64 0.4 4.00 48.00 52.00 OK
r-patched-linux-x86_64 0.4 3.32 27.09 30.41 OK
r-release-linux-x86_64 0.4 2.89 26.43 29.32 OK
r-release-macos-arm64 0.4 1.00 17.00 18.00 OK
r-release-macos-x86_64 0.4 3.00 29.00 32.00 OK
r-release-windows-x86_64 0.4 3.00 47.00 50.00 OK
r-oldrel-macos-arm64 0.4 2.00 19.00 21.00 OK
r-oldrel-macos-x86_64 0.4 3.00 24.00 27.00 OK
r-oldrel-windows-x86_64 0.4 4.00 49.00 53.00 OK

Check Details

Version: 0.4
Check: CRAN incoming feasibility
Result: NOTE Maintainer: ‘Florian Ziel <florian.ziel@uni-due.de>’ No Authors@R field in DESCRIPTION. Please add one, modifying Authors@R: person(given = "Florian", family = "Ziel", role = c("aut", "cre"), email = "florian.ziel@uni-due.de") as necessary. Flavors: r-devel-linux-x86_64-debian-clang, r-devel-linux-x86_64-debian-gcc

These binaries (installable software) and packages are in development.
They may not be fully stable and should be used with caution. We make no claims about them.