CRAN Package Check Results for Package CommonJavaJars

Last updated on 2025-02-23 15:49:39 CET.

Flavor Version Tinstall Tcheck Ttotal Status Flags
r-devel-linux-x86_64-debian-clang 1.1-0 2.12 21.74 23.86 OK
r-devel-linux-x86_64-debian-gcc 1.1-0 1.65 17.92 19.57 OK
r-devel-linux-x86_64-fedora-clang 1.1-0 37.94 OK
r-devel-linux-x86_64-fedora-gcc 1.1-0 49.36 OK
r-devel-macos-arm64 1.1-0 24.00 OK
r-devel-macos-x86_64 1.1-0 45.00 OK
r-devel-windows-x86_64 1.1-0 3.00 52.00 55.00 OK
r-patched-linux-x86_64 1.1-0 1.78 20.80 22.58 OK
r-release-linux-x86_64 1.1-0 1.97 20.94 22.91 OK
r-release-macos-arm64 1.1-0 28.00 NOTE
r-release-macos-x86_64 1.1-0 59.00 NOTE
r-release-windows-x86_64 1.1-0 3.00 53.00 56.00 NOTE
r-oldrel-macos-arm64 1.1-0 52.00 NOTE
r-oldrel-macos-x86_64 1.1-0 86.00 NOTE
r-oldrel-windows-x86_64 1.1-0 3.00 51.00 54.00 NOTE

Check Details

Version: 1.1-0
Check: installed package size
Result: NOTE installed size is 7.0Mb sub-directories of 1Mb or more: java 6.7Mb Flavors: r-release-macos-arm64, r-release-macos-x86_64, r-release-windows-x86_64, r-oldrel-macos-arm64, r-oldrel-macos-x86_64, r-oldrel-windows-x86_64

These binaries (installable software) and packages are in development.
They may not be fully stable and should be used with caution. We make no claims about them.