CRAN Package Check Results for Package CompDist

Last updated on 2025-02-23 13:51:07 CET.

Flavor Version Tinstall Tcheck Ttotal Status Flags
r-devel-linux-x86_64-debian-clang 1.0 2.82 23.57 26.39 OK
r-devel-linux-x86_64-debian-gcc 1.0 1.98 17.72 19.70 OK
r-devel-linux-x86_64-fedora-clang 1.0 42.01 NOTE
r-devel-linux-x86_64-fedora-gcc 1.0 39.56 NOTE
r-devel-macos-arm64 1.0 20.00 OK
r-devel-macos-x86_64 1.0 35.00 OK
r-devel-windows-x86_64 1.0 4.00 49.00 53.00 OK
r-patched-linux-x86_64 1.0 2.82 22.92 25.74 OK
r-release-linux-x86_64 1.0 2.66 22.66 25.32 OK
r-release-macos-arm64 1.0 17.00 OK
r-release-macos-x86_64 1.0 25.00 OK
r-release-windows-x86_64 1.0 4.00 52.00 56.00 OK
r-oldrel-macos-arm64 1.0 17.00 OK
r-oldrel-macos-x86_64 1.0 23.00 OK
r-oldrel-windows-x86_64 1.0 4.00 50.00 54.00 OK

Check Details

Version: 1.0
Check: dependencies in R code
Result: NOTE Namespaces in Imports field not imported from: ‘PearsonDS’ ‘VGAM’ ‘actuar’ ‘fExtremes’ ‘rmutil’ All declared Imports should be used. Flavors: r-devel-linux-x86_64-fedora-clang, r-devel-linux-x86_64-fedora-gcc

These binaries (installable software) and packages are in development.
They may not be fully stable and should be used with caution. We make no claims about them.