Last updated on 2025-02-23 07:51:50 CET.
Flavor | Version | Tinstall | Tcheck | Ttotal | Status | Flags |
---|---|---|---|---|---|---|
r-devel-linux-x86_64-debian-clang | 0.1.0 | 16.87 | 107.68 | 124.55 | OK | |
r-devel-linux-x86_64-debian-gcc | 0.1.0 | 11.67 | 75.23 | 86.90 | OK | |
r-devel-linux-x86_64-fedora-clang | 0.1.0 | 195.95 | NOTE | |||
r-devel-linux-x86_64-fedora-gcc | 0.1.0 | 188.29 | NOTE | |||
r-devel-macos-arm64 | 0.1.0 | 52.00 | OK | |||
r-devel-macos-x86_64 | 0.1.0 | 100.00 | OK | |||
r-devel-windows-x86_64 | 0.1.0 | 19.00 | 109.00 | 128.00 | OK | |
r-patched-linux-x86_64 | 0.1.0 | 14.77 | 98.99 | 113.76 | OK | |
r-release-linux-x86_64 | 0.1.0 | 14.87 | 101.29 | 116.16 | OK | |
r-release-macos-arm64 | 0.1.0 | 53.00 | OK | |||
r-release-macos-x86_64 | 0.1.0 | 74.00 | OK | |||
r-release-windows-x86_64 | 0.1.0 | 18.00 | 107.00 | 125.00 | OK | |
r-oldrel-macos-arm64 | 0.1.0 | 57.00 | OK | |||
r-oldrel-macos-x86_64 | 0.1.0 | 150.00 | OK | |||
r-oldrel-windows-x86_64 | 0.1.0 | 23.00 | 133.00 | 156.00 | OK |
Version: 0.1.0
Check: dependencies in R code
Result: NOTE
Namespace in Imports field not imported from: ‘devtools’
All declared Imports should be used.
Flavors: r-devel-linux-x86_64-fedora-clang, r-devel-linux-x86_64-fedora-gcc
These binaries (installable software) and packages are in development.
They may not be fully stable and should be used with caution. We make no claims about them.