Last updated on 2025-07-19 21:49:32 CEST.
Flavor | Version | Tinstall | Tcheck | Ttotal | Status | Flags |
---|---|---|---|---|---|---|
r-devel-linux-x86_64-debian-clang | 0.3.0 | 4.59 | 37.86 | 42.45 | NOTE | |
r-devel-linux-x86_64-debian-gcc | 0.3.0 | 3.72 | 31.32 | 35.04 | NOTE | |
r-devel-linux-x86_64-fedora-clang | 0.3.0 | 66.83 | OK | |||
r-devel-linux-x86_64-fedora-gcc | 0.3.0 | 77.04 | OK | |||
r-devel-windows-x86_64 | 0.3.0 | 11.00 | 104.00 | 115.00 | OK | |
r-patched-linux-x86_64 | 0.3.0 | 4.56 | 36.52 | 41.08 | OK | |
r-release-linux-x86_64 | 0.3.0 | 4.09 | 36.54 | 40.63 | OK | |
r-release-macos-arm64 | 0.3.0 | 37.00 | OK | |||
r-release-macos-x86_64 | 0.3.0 | 72.00 | OK | |||
r-release-windows-x86_64 | 0.3.0 | 10.00 | 101.00 | 111.00 | OK | |
r-oldrel-macos-arm64 | 0.3.0 | 42.00 | OK | |||
r-oldrel-macos-x86_64 | 0.3.0 | 55.00 | OK | |||
r-oldrel-windows-x86_64 | 0.3.0 | 11.00 | 99.00 | 110.00 | OK |
Version: 0.3.0
Check: CRAN incoming feasibility
Result: NOTE
Maintainer: ‘Tony Pourmohamad <tpourmohamad@gmail.com>’
Package CITATION file contains call(s) to old-style personList() or
as.personList(). Please use c() on person objects instead.
Package CITATION file contains call(s) to old-style citEntry(). Please
use bibentry() instead.
Flavors: r-devel-linux-x86_64-debian-clang, r-devel-linux-x86_64-debian-gcc
These binaries (installable software) and packages are in development.
They may not be fully stable and should be used with caution. We make no claims about them.