Last updated on 2025-10-31 13:50:46 CET.
| Flavor | Version | Tinstall | Tcheck | Ttotal | Status | Flags | 
|---|---|---|---|---|---|---|
| r-devel-linux-x86_64-debian-clang | 0.1.0 | 1.95 | 20.75 | 22.70 | NOTE | |
| r-devel-linux-x86_64-debian-gcc | 0.1.0 | 1.36 | 16.64 | 18.00 | NOTE | |
| r-devel-linux-x86_64-fedora-clang | 0.1.0 | 14.00 | 20.47 | 34.47 | OK | |
| r-devel-linux-x86_64-fedora-gcc | 0.1.0 | 30.26 | OK | |||
| r-devel-windows-x86_64 | 0.1.0 | 3.00 | 39.00 | 42.00 | OK | |
| r-patched-linux-x86_64 | 0.1.0 | 1.62 | 18.99 | 20.61 | OK | |
| r-release-linux-x86_64 | 0.1.0 | 1.95 | 19.04 | 20.99 | OK | |
| r-release-macos-arm64 | 0.1.0 | 1.00 | 15.00 | 16.00 | OK | |
| r-release-macos-x86_64 | 0.1.0 | 2.00 | 23.00 | 25.00 | OK | |
| r-release-windows-x86_64 | 0.1.0 | 2.00 | 40.00 | 42.00 | OK | |
| r-oldrel-macos-arm64 | 0.1.0 | 1.00 | 14.00 | 15.00 | OK | |
| r-oldrel-macos-x86_64 | 0.1.0 | 2.00 | 18.00 | 20.00 | OK | |
| r-oldrel-windows-x86_64 | 0.1.0 | 3.00 | 47.00 | 50.00 | OK | 
Version: 0.1.0
Check: CRAN incoming feasibility
Result: NOTE
  Maintainer: ‘Bowen Liu <bowen.liu@umkc.edu>’
  
  The Description field contains
    found in Bowen Liu, Malwane M.A. Ananda (2023) <arXiv:2309.16443>.
  Please refer to arXiv e-prints via their arXiv DOI <doi:10.48550/arXiv.YYMM.NNNNN>.
Flavors: r-devel-linux-x86_64-debian-clang, r-devel-linux-x86_64-debian-gcc
These binaries (installable software) and packages are in development.
They may not be fully stable and should be used with caution. We make no claims about them.