CRAN Package Check Results for Package CompQuadForm

Last updated on 2025-05-01 14:49:06 CEST.

Flavor Version Tinstall Tcheck Ttotal Status Flags
r-devel-linux-x86_64-debian-clang 1.4.3 3.79 18.55 22.34 NOTE
r-devel-linux-x86_64-debian-gcc 1.4.3 2.97 15.74 18.71 NOTE
r-devel-linux-x86_64-fedora-clang 1.4.3 34.07 OK
r-devel-linux-x86_64-fedora-gcc 1.4.3 33.81 OK
r-devel-windows-x86_64 1.4.3 9.00 40.00 49.00 OK
r-patched-linux-x86_64 1.4.3 3.61 17.79 21.40 OK
r-release-linux-x86_64 OK
r-release-macos-arm64 1.4.3 18.00 OK
r-release-macos-x86_64 1.4.3 26.00 OK
r-release-windows-x86_64 1.4.3 8.00 40.00 48.00 OK
r-oldrel-macos-arm64 1.4.3 21.00 OK
r-oldrel-macos-x86_64 1.4.3 21.00 OK
r-oldrel-windows-x86_64 1.4.3 8.00 39.00 47.00 OK

Check Details

Version: 1.4.3
Check: CRAN incoming feasibility
Result: NOTE Maintainer: ‘P. Lafaye de Micheaux <lafaye@unsw.edu.au>’ No Authors@R field in DESCRIPTION. Please add one, modifying Authors@R: person(given = c("P.", "Lafaye"), family = "de Micheaux", role = c("aut", "cre"), email = "lafaye@unsw.edu.au") as necessary. Package CITATION file contains call(s) to old-style personList() or as.personList(). Please use c() on person objects instead. Package CITATION file contains call(s) to old-style citEntry(). Please use bibentry() instead. Flavors: r-devel-linux-x86_64-debian-clang, r-devel-linux-x86_64-debian-gcc

These binaries (installable software) and packages are in development.
They may not be fully stable and should be used with caution. We make no claims about them.