Last updated on 2025-02-16 10:50:43 CET.
Flavor | Version | Tinstall | Tcheck | Ttotal | Status | Flags |
---|---|---|---|---|---|---|
r-devel-linux-x86_64-debian-clang | 0.2.6.2 | 9.60 | 98.85 | 108.45 | OK | |
r-devel-linux-x86_64-debian-gcc | 0.2.6.2 | 7.35 | 73.82 | 81.17 | OK | |
r-devel-linux-x86_64-fedora-clang | 0.2.6.2 | 174.93 | OK | |||
r-devel-linux-x86_64-fedora-gcc | 0.2.6.2 | 156.75 | OK | |||
r-devel-macos-arm64 | 0.2.6.2 | 48.00 | OK | |||
r-devel-macos-x86_64 | 0.2.6.2 | 89.00 | OK | |||
r-devel-windows-x86_64 | 0.2.6.2 | 9.00 | 100.00 | 109.00 | OK | |
r-patched-linux-x86_64 | 0.2.6.2 | 9.18 | 92.12 | 101.30 | NOTE | |
r-release-linux-x86_64 | 0.2.6.2 | 8.99 | 92.53 | 101.52 | NOTE | |
r-release-macos-arm64 | 0.2.6.2 | 49.00 | NOTE | |||
r-release-macos-x86_64 | 0.2.6.2 | 70.00 | NOTE | |||
r-release-windows-x86_64 | 0.2.6.2 | 10.00 | 101.00 | 111.00 | NOTE | |
r-oldrel-macos-arm64 | 0.2.6.2 | 51.00 | NOTE | |||
r-oldrel-macos-x86_64 | 0.2.6.2 | 66.00 | NOTE | |||
r-oldrel-windows-x86_64 | 0.2.6.2 | 12.00 | 114.00 | 126.00 | NOTE |
Version: 0.2.6.2
Check: package dependencies
Result: NOTE
Package suggested but not available for checking: ‘CAM’
Flavors: r-patched-linux-x86_64, r-release-linux-x86_64, r-release-macos-arm64, r-release-macos-x86_64, r-release-windows-x86_64, r-oldrel-macos-arm64, r-oldrel-windows-x86_64
Version: 0.2.6.2
Check: package dependencies
Result: NOTE
Packages suggested but not available for checking:
'pcalg', 'InvariantCausalPrediction', 'backShift', 'CAM', 'mboost',
'huge', 'flare'
Flavor: r-oldrel-macos-x86_64
These binaries (installable software) and packages are in development.
They may not be fully stable and should be used with caution. We make no claims about them.