CRAN Package Check Results for Package ComplexUpset

Last updated on 2025-05-08 04:52:01 CEST.

Flavor Version Tinstall Tcheck Ttotal Status Flags
r-devel-linux-x86_64-debian-clang 1.3.3 7.92 61.38 69.30 NOTE
r-devel-linux-x86_64-debian-gcc 1.3.3 5.06 43.93 48.99 NOTE
r-devel-linux-x86_64-fedora-clang 1.3.3 92.77 OK
r-devel-linux-x86_64-fedora-gcc 1.3.3 113.52 OK
r-devel-windows-x86_64 1.3.3 9.00 81.00 90.00 OK
r-patched-linux-x86_64 1.3.3 8.05 56.08 64.13 OK
r-release-linux-x86_64 1.3.3 7.92 55.72 63.64 OK
r-release-macos-arm64 1.3.3 43.00 OK
r-release-macos-x86_64 1.3.3 71.00 OK
r-release-windows-x86_64 1.3.3 9.00 81.00 90.00 OK
r-oldrel-macos-arm64 1.3.3 35.00 OK
r-oldrel-macos-x86_64 1.3.3 55.00 OK
r-oldrel-windows-x86_64 1.3.3 13.00 94.00 107.00 OK

Check Details

Version: 1.3.3
Check: CRAN incoming feasibility
Result: NOTE Maintainer: ‘Michał Krassowski <krassowski.michal+r@gmail.com>’ Package CITATION file contains call(s) to old-style citEntry(). Please use bibentry() instead. Flavors: r-devel-linux-x86_64-debian-clang, r-devel-linux-x86_64-debian-gcc

These binaries (installable software) and packages are in development.
They may not be fully stable and should be used with caution. We make no claims about them.