Last updated on 2025-05-01 14:49:06 CEST.
Flavor | Version | Tinstall | Tcheck | Ttotal | Status | Flags |
---|---|---|---|---|---|---|
r-devel-linux-x86_64-debian-clang | 1.0.3 | 1.88 | 30.62 | 32.50 | NOTE | |
r-devel-linux-x86_64-debian-gcc | 1.0.3 | 1.71 | 23.76 | 25.47 | OK | |
r-devel-linux-x86_64-fedora-clang | 1.0.3 | 49.35 | OK | |||
r-devel-linux-x86_64-fedora-gcc | 1.0.3 | 45.20 | OK | |||
r-devel-windows-x86_64 | 1.0.3 | 4.00 | 52.00 | 56.00 | OK | |
r-patched-linux-x86_64 | 1.0.3 | 2.05 | 29.29 | 31.34 | OK | |
r-release-linux-x86_64 | OK | |||||
r-release-macos-arm64 | 1.0.3 | 20.00 | OK | |||
r-release-macos-x86_64 | 1.0.3 | 34.00 | OK | |||
r-release-windows-x86_64 | 1.0.3 | 4.00 | 51.00 | 55.00 | OK | |
r-oldrel-macos-arm64 | 1.0.3 | 20.00 | OK | |||
r-oldrel-macos-x86_64 | 1.0.3 | 28.00 | OK | |||
r-oldrel-windows-x86_64 | 1.0.3 | 4.00 | 56.00 | 60.00 | OK |
Version: 1.0.3
Check: examples
Result: NOTE
Examples with CPU (user + system) or elapsed time > 5s
user system elapsed
DStudy 5.783 0.498 8.668
Flavor: r-devel-linux-x86_64-debian-clang
These binaries (installable software) and packages are in development.
They may not be fully stable and should be used with caution. We make no claims about them.