Last updated on 2025-07-22 19:51:45 CEST.
Flavor | Version | Tinstall | Tcheck | Ttotal | Status | Flags |
---|---|---|---|---|---|---|
r-devel-linux-x86_64-debian-clang | 1.3 | 26.18 | 95.24 | 121.42 | OK | |
r-devel-linux-x86_64-debian-gcc | 1.3 | 18.27 | 67.40 | 85.67 | OK | |
r-devel-linux-x86_64-fedora-clang | 1.3 | 192.08 | OK | |||
r-devel-linux-x86_64-fedora-gcc | 1.3 | 176.86 | OK | |||
r-devel-windows-x86_64 | 1.3 | 34.00 | 116.00 | 150.00 | OK | |
r-patched-linux-x86_64 | 1.3 | 25.35 | 88.84 | 114.19 | OK | |
r-release-linux-x86_64 | 1.3 | 27.66 | 90.04 | 117.70 | OK | |
r-release-macos-arm64 | 1.3 | 53.00 | OK | |||
r-release-macos-x86_64 | 1.3 | 109.00 | OK | |||
r-release-windows-x86_64 | 1.3 | 32.00 | 120.00 | 152.00 | OK | |
r-oldrel-macos-arm64 | 1.3 | 53.00 | NOTE | |||
r-oldrel-macos-x86_64 | 1.3 | 97.00 | NOTE | |||
r-oldrel-windows-x86_64 | 1.3 | 43.00 | 145.00 | 188.00 | NOTE |
Version: 1.3
Check: for GNU extensions in Makefiles
Result: NOTE
GNU make is a SystemRequirements.
Flavors: r-oldrel-macos-arm64, r-oldrel-macos-x86_64, r-oldrel-windows-x86_64
These binaries (installable software) and packages are in development.
They may not be fully stable and should be used with caution. We make no claims about them.