Last updated on 2025-05-21 17:52:07 CEST.
Flavor | Version | Tinstall | Tcheck | Ttotal | Status | Flags |
---|---|---|---|---|---|---|
r-devel-linux-x86_64-debian-clang | 1.1 | 26.28 | 93.29 | 119.57 | OK | |
r-devel-linux-x86_64-debian-gcc | 1.1 | 18.71 | 67.66 | 86.37 | OK | |
r-devel-linux-x86_64-fedora-clang | 1.1 | 202.25 | OK | |||
r-devel-linux-x86_64-fedora-gcc | 1.1 | 190.42 | OK | |||
r-devel-windows-x86_64 | 1.1 | 35.00 | 116.00 | 151.00 | OK | |
r-patched-linux-x86_64 | 1.1 | 27.32 | 86.76 | 114.08 | OK | |
r-release-linux-x86_64 | 1.1 | 24.99 | 89.36 | 114.35 | OK | |
r-release-macos-arm64 | 1.1 | 51.00 | OK | |||
r-release-macos-x86_64 | 1.1 | 128.00 | OK | |||
r-release-windows-x86_64 | 1.1 | 33.00 | 126.00 | 159.00 | OK | |
r-oldrel-macos-arm64 | 1.1 | 59.00 | NOTE | |||
r-oldrel-macos-x86_64 | 1.1 | 115.00 | NOTE | |||
r-oldrel-windows-x86_64 | 1.0 | 17.00 | 130.00 | 147.00 | OK |
Version: 1.1
Check: for GNU extensions in Makefiles
Result: NOTE
GNU make is a SystemRequirements.
Flavors: r-oldrel-macos-arm64, r-oldrel-macos-x86_64
These binaries (installable software) and packages are in development.
They may not be fully stable and should be used with caution. We make no claims about them.