CRAN Package Check Results for Package ConSpline

Last updated on 2025-10-04 17:50:45 CEST.

Flavor Version Tinstall Tcheck Ttotal Status Flags
r-devel-linux-x86_64-debian-clang 1.2 3.24 31.69 34.93 NOTE
r-devel-linux-x86_64-debian-gcc 1.2 2.44 23.66 26.10 NOTE
r-devel-linux-x86_64-fedora-clang 1.2 52.08 OK
r-devel-linux-x86_64-fedora-gcc 1.2 52.99 OK
r-devel-windows-x86_64 1.2 5.00 48.00 53.00 OK
r-patched-linux-x86_64 1.2 2.74 29.90 32.64 OK
r-release-linux-x86_64 1.2 3.23 29.57 32.80 OK
r-release-macos-arm64 1.2 21.00 OK
r-release-macos-x86_64 1.2 44.00 OK
r-release-windows-x86_64 1.2 4.00 47.00 51.00 OK
r-oldrel-macos-arm64 1.2 22.00 OK
r-oldrel-macos-x86_64 1.2 32.00 OK
r-oldrel-windows-x86_64 1.2 6.00 53.00 59.00 OK

Check Details

Version: 1.2
Check: CRAN incoming feasibility
Result: NOTE Maintainer: ‘Mary C Meyer <meyer@stat.colostate.edu>’ No Authors@R field in DESCRIPTION. Please add one, modifying Authors@R: person(given = c("Mary", "C"), family = "Meyer", role = c("aut", "cre"), email = "meyer@stat.colostate.edu") as necessary. Flavors: r-devel-linux-x86_64-debian-clang, r-devel-linux-x86_64-debian-gcc

These binaries (installable software) and packages are in development.
They may not be fully stable and should be used with caution. We make no claims about them.