Last updated on 2025-05-08 04:52:01 CEST.
Flavor | Version | Tinstall | Tcheck | Ttotal | Status | Flags |
---|---|---|---|---|---|---|
r-devel-linux-x86_64-debian-clang | 1.0.1 | 1.75 | 18.14 | 19.89 | NOTE | |
r-devel-linux-x86_64-debian-gcc | 1.0.1 | 1.54 | 14.66 | 16.20 | NOTE | |
r-devel-linux-x86_64-fedora-clang | 1.0.1 | 30.52 | OK | |||
r-devel-linux-x86_64-fedora-gcc | 1.0.1 | 29.31 | OK | |||
r-devel-windows-x86_64 | 1.0.1 | 2.00 | 37.00 | 39.00 | OK | |
r-patched-linux-x86_64 | 1.0.1 | 1.77 | 17.46 | 19.23 | OK | |
r-release-linux-x86_64 | 1.0.1 | 1.79 | 17.50 | 19.29 | OK | |
r-release-macos-arm64 | 1.0.1 | 13.00 | OK | |||
r-release-macos-x86_64 | 1.0.1 | 22.00 | OK | |||
r-release-windows-x86_64 | 1.0.1 | 3.00 | 38.00 | 41.00 | OK | |
r-oldrel-macos-arm64 | 1.0.1 | 19.00 | OK | |||
r-oldrel-macos-x86_64 | 1.0.1 | 23.00 | OK | |||
r-oldrel-windows-x86_64 | 1.0.1 | 3.00 | 37.00 | 40.00 | OK |
Version: 1.0.1
Check: CRAN incoming feasibility
Result: NOTE
Maintainer: ‘W. E. Wansouwé <ericwansouwe@gmail.com>’
No Authors@R field in DESCRIPTION.
Please add one, modifying
Authors@R: c(person(given = c("W.", "E."),
family = "Wansouwé",
role = c("aut", "cre"),
email = "ericwansouwe@gmail.com"),
person(given = c("F.", "G."),
family = "Libengué",
role = "aut"),
person(given = c("C.", "C."),
family = "Kokonendji",
role = "aut"))
as necessary.
The URL field contains the following bad parts:
www.r-project.org
The URL field should be a list of URLs separated by commas or
whitespace.
Flavors: r-devel-linux-x86_64-debian-clang, r-devel-linux-x86_64-debian-gcc
These binaries (installable software) and packages are in development.
They may not be fully stable and should be used with caution. We make no claims about them.