CRAN Package Check Results for Package CondIndTests

Last updated on 2025-05-01 14:49:06 CEST.

Flavor Version Tinstall Tcheck Ttotal Status Flags
r-devel-linux-x86_64-debian-clang 0.1.5 10.68 242.45 253.13 NOTE
r-devel-linux-x86_64-debian-gcc 0.1.5 7.63 211.08 218.71 NOTE
r-devel-linux-x86_64-fedora-clang 0.1.5 391.61 NOTE
r-devel-linux-x86_64-fedora-gcc 0.1.5 435.26 NOTE
r-devel-windows-x86_64 0.1.5 11.00 318.00 329.00 NOTE
r-patched-linux-x86_64 0.1.5 9.24 268.97 278.21 NOTE
r-release-linux-x86_64 NOTE
r-release-macos-arm64 0.1.5 182.00 NOTE
r-release-macos-x86_64 0.1.5 406.00 NOTE
r-release-windows-x86_64 0.1.5 12.00 309.00 321.00 NOTE
r-oldrel-macos-arm64 0.1.5 171.00 NOTE
r-oldrel-macos-x86_64 0.1.5 272.00 NOTE
r-oldrel-windows-x86_64 0.1.5 13.00 420.00 433.00 NOTE

Check Details

Version: 0.1.5
Check: CRAN incoming feasibility
Result: NOTE Maintainer: ‘Christina Heinze-Deml <heinzedeml@stat.math.ethz.ch>’ No Authors@R field in DESCRIPTION. Please add one, modifying Authors@R: c(person(given = "Christina", family = "Heinze-Deml", role = c("aut", "cre"), email = "heinzedeml@stat.math.ethz.ch"), person(given = "Jonas", family = "Peters", role = "aut", email = "jonas.peters@math.ku.dk"), person(given = c("Asbjoern", "Marco", "Sinius"), family = "Munk", role = "aut", email = "fgp998@alumni.ku.dk")) as necessary. Package CITATION file contains call(s) to old-style personList() or as.personList(). Please use c() on person objects instead. Package CITATION file contains call(s) to old-style citEntry(). Please use bibentry() instead. The Description field contains <arXiv:1202.3775>), Residual Prediction test (based on Shah and Buehlmann, <arXiv:1511.03334>), Invariant environment prediction, <arXiv:1706.08576>). Please refer to arXiv e-prints via their arXiv DOI <doi:10.48550/arXiv.YYMM.NNNNN>. Flavors: r-devel-linux-x86_64-debian-clang, r-devel-linux-x86_64-debian-gcc

Version: 0.1.5
Check: Rd files
Result: NOTE checkRd: (-1) KCI.Rd:44: Lost braces 44 | \item \code{testStatistic} the statistic Tr(K_{(ddot{(Y)}|X)} * K_{(E|X)}) | ^ checkRd: (-1) KCI.Rd:44: Lost braces 44 | \item \code{testStatistic} the statistic Tr(K_{(ddot{(Y)}|X)} * K_{(E|X)}) | ^ checkRd: (-1) KCI.Rd:44: Lost braces; missing escapes or markup? 44 | \item \code{testStatistic} the statistic Tr(K_{(ddot{(Y)}|X)} * K_{(E|X)}) | ^ Flavors: r-devel-linux-x86_64-debian-clang, r-devel-linux-x86_64-debian-gcc, r-devel-linux-x86_64-fedora-clang, r-devel-linux-x86_64-fedora-gcc, r-devel-windows-x86_64, r-patched-linux-x86_64, r-release-linux-x86_64, r-release-macos-arm64, r-release-macos-x86_64, r-release-windows-x86_64, r-oldrel-macos-arm64, r-oldrel-macos-x86_64, r-oldrel-windows-x86_64

Version: 0.1.5
Check: LazyData
Result: NOTE 'LazyData' is specified without a 'data' directory Flavors: r-oldrel-macos-arm64, r-oldrel-macos-x86_64, r-oldrel-windows-x86_64

These binaries (installable software) and packages are in development.
They may not be fully stable and should be used with caution. We make no claims about them.