Last updated on 2025-02-16 10:50:43 CET.
Flavor | Version | Tinstall | Tcheck | Ttotal | Status | Flags |
---|---|---|---|---|---|---|
r-devel-linux-x86_64-debian-clang | 0.1.2 | 12.51 | 136.32 | 148.83 | OK | |
r-devel-linux-x86_64-debian-gcc | 0.1.2 | 10.45 | 94.86 | 105.31 | OK | |
r-devel-linux-x86_64-fedora-clang | 0.1.2 | 231.35 | NOTE | |||
r-devel-linux-x86_64-fedora-gcc | 0.1.2 | 233.01 | NOTE | |||
r-devel-macos-arm64 | 0.1.2 | 67.00 | OK | |||
r-devel-macos-x86_64 | 0.1.2 | 135.00 | OK | |||
r-devel-windows-x86_64 | 0.1.2 | 15.00 | 134.00 | 149.00 | OK | |
r-patched-linux-x86_64 | 0.1.2 | 12.53 | 124.63 | 137.16 | OK | |
r-release-linux-x86_64 | 0.1.2 | 13.34 | 124.35 | 137.69 | OK | |
r-release-macos-arm64 | 0.1.2 | 69.00 | OK | |||
r-release-macos-x86_64 | 0.1.2 | 99.00 | OK | |||
r-release-windows-x86_64 | 0.1.2 | 14.00 | 136.00 | 150.00 | OK | |
r-oldrel-macos-arm64 | 0.1.2 | 69.00 | OK | |||
r-oldrel-macos-x86_64 | 0.1.2 | 122.00 | OK | |||
r-oldrel-windows-x86_64 | 0.1.2 | 19.00 | 196.00 | 215.00 | OK |
Version: 0.1.2
Check: dependencies in R code
Result: NOTE
Namespaces in Imports field not imported from:
‘kernlab’ ‘purrr’ ‘survminer’ ‘tidyverse’
All declared Imports should be used.
Flavors: r-devel-linux-x86_64-fedora-clang, r-devel-linux-x86_64-fedora-gcc
These binaries (installable software) and packages are in development.
They may not be fully stable and should be used with caution. We make no claims about them.