CRAN Package Check Results for Package ConfZIC

Last updated on 2025-07-05 03:48:34 CEST.

Flavor Version Tinstall Tcheck Ttotal Status Flags
r-devel-linux-x86_64-debian-clang 1.0.1 9.42 289.59 299.01 NOTE
r-devel-linux-x86_64-debian-gcc 1.0.1 6.09 239.82 245.91 NOTE
r-devel-linux-x86_64-fedora-clang 1.0.1 522.18 OK
r-devel-linux-x86_64-fedora-gcc 1.0.1 538.93 OK
r-devel-windows-x86_64 1.0.1 9.00 325.00 334.00 OK
r-patched-linux-x86_64 1.0.1 8.39 357.60 365.99 OK
r-release-linux-x86_64 1.0.1 8.93 353.43 362.36 OK
r-release-macos-arm64 1.0.1 207.00 OK
r-release-macos-x86_64 1.0.1 446.00 OK
r-release-windows-x86_64 1.0.1 10.00 338.00 348.00 OK
r-oldrel-macos-arm64 1.0.1 185.00 OK
r-oldrel-macos-x86_64 1.0.1 302.00 OK
r-oldrel-windows-x86_64 1.0.1 13.00 438.00 451.00 OK

Check Details

Version: 1.0.1
Check: CRAN incoming feasibility
Result: NOTE Maintainer: ‘I.M.L. Nadeesha Jayaweera <njayaweera@wpi.edu>’ The Description field contains <[https:doi.org/10.2307/1390838]https:doi.org/10.2307/1390838>. Please write DOIs as <doi:prefix/suffix>. Flavors: r-devel-linux-x86_64-debian-clang, r-devel-linux-x86_64-debian-gcc

These binaries (installable software) and packages are in development.
They may not be fully stable and should be used with caution. We make no claims about them.