Last updated on 2025-10-24 01:50:22 CEST.
| Flavor | Version | Tinstall | Tcheck | Ttotal | Status | Flags |
|---|---|---|---|---|---|---|
| r-devel-linux-x86_64-debian-clang | 1.0.0 | 2.25 | 20.81 | 23.06 | OK | |
| r-devel-linux-x86_64-debian-gcc | 1.0.0 | 1.87 | 17.15 | 19.02 | OK | |
| r-devel-linux-x86_64-fedora-clang | 1.0.0 | 32.38 | OK | |||
| r-devel-linux-x86_64-fedora-gcc | 1.0.0 | 30.24 | OK | |||
| r-devel-windows-x86_64 | 1.0.0 | 4.00 | 38.00 | 42.00 | OK | |
| r-patched-linux-x86_64 | 1.0.0 | 2.23 | 18.30 | 20.53 | OK | |
| r-release-linux-x86_64 | 1.0.0 | 2.42 | 18.50 | 20.92 | OK | |
| r-release-macos-arm64 | 1.0.0 | 1.00 | 15.00 | 16.00 | OK | |
| r-release-macos-x86_64 | 1.0.0 | 2.00 | 22.00 | 24.00 | OK | |
| r-release-windows-x86_64 | 1.0.0 | 4.00 | 41.00 | 45.00 | OK | |
| r-oldrel-macos-arm64 | 1.0.0 | 1.00 | 19.00 | 20.00 | NOTE | |
| r-oldrel-macos-x86_64 | 1.0.0 | 2.00 | 20.00 | 22.00 | NOTE | |
| r-oldrel-windows-x86_64 | 1.0.0 | 4.00 | 44.00 | 48.00 | NOTE |
Version: 1.0.0
Check: LazyData
Result: NOTE
'LazyData' is specified without a 'data' directory
Flavors: r-oldrel-macos-arm64, r-oldrel-macos-x86_64, r-oldrel-windows-x86_64
These binaries (installable software) and packages are in development.
They may not be fully stable and should be used with caution. We make no claims about them.